{"id":1064,"date":"2019-01-03T12:19:10","date_gmt":"2019-01-03T14:19:10","guid":{"rendered":"https:\/\/www.encontrafortaleza.com\/sobre\/?page_id=1064"},"modified":"2019-01-03T12:24:35","modified_gmt":"2019-01-03T14:24:35","slug":"ponte-dos-ingleses-fortaleza","status":"publish","type":"page","link":"https:\/\/www.encontrafortaleza.com\/sobre\/ponte-dos-ingleses-fortaleza\/","title":{"rendered":"Ponte dos Ingleses Fortaleza"},"content":{"rendered":"<div class=\"2ad529334b11458fd7d9bde3e187e581\" data-index=\"1\" style=\"float: left; margin: 5px 5px 5px 0;\">\n<!-- EBR \/Novo-Bairro-Topo\/ 300x250 -->\r\n<ins class=\"adsbygoogle\"\r\n     style=\"display:inline-block;width:300px;height:250px\"\r\n     data-ad-client=\"ca-pub-6414922941841817\"\r\n     data-ad-slot=\"5351822287\"><\/ins>\r\n<script>\r\n(adsbygoogle = window.adsbygoogle || []).push({});\r\n<\/script>\n<\/div>\n<p>A <strong>Ponte dos Ingleses Fortaleza<\/strong>, equivocadamente conhecida como Ponte Met\u00e1lica, est\u00e1 localizada na Praia de Iracema, Fortaleza, Cear\u00e1, Brasil. Foi um projeto de melhoramento da estrutura portu\u00e1ria de Fortaleza.<\/p>\n<p>A constru\u00e7\u00e3o do viaduto Lucas Bicalho foi iniciada em 24 de setembro de 1921, pela empresa inglesa Norton Griffts Co., para servir de porto da cidade de Fortaleza, em substitui\u00e7\u00e3o da antiga Ponte Met\u00e1lica (ponte ao lado, pr\u00f3xima da Avenida Almirante Tamandar\u00e9). No entanto, nunca funcionou como porto.<\/p>\n<p><img loading=\"lazy\" decoding=\"async\" class=\"alignnone wp-image-1066 size-full\" title=\"Ponte dos Ingleses Fortaleza\" src=\"https:\/\/www.encontrafortaleza.com\/sobre\/wp-content\/uploads\/2019\/01\/ponte-dos-ingleses-fortaleza.gif\" alt=\"Ponte dos Ingleses Fortaleza\" width=\"680\" height=\"189\" \/><\/p>\n<p>O viaduto integrava o ante-projeto de um porto-ilha proposto pelo engenheiro Manuel Carneiro de Sousa Bandeira, e desenvolvido pelo engenheiro Lucas Bicalho. As obras foram iniciadas em 1921, durante o governo do presidente Epit\u00e1cio Pessoa, e foram suspensas no governo de Artur Bernardes, no qual permaneceu inconclusa.<\/p>\n<p>Em 1994, foi aprovado um projeto de recupera\u00e7\u00e3o da ponte atrav\u00e9s da Secretaria de Cultura do Estado do Cear\u00e1. A ponte foi recuperada e urbanizada para o uso p\u00fablico, al\u00e9m de ter recebido uma arma\u00e7\u00e3o de madeira sobre parte do viaduto, projeto dos arquitetos Fausto Nilo e Delberg Ponce de Leon, tamb\u00e9m respons\u00e1veis pelo projeto arquitet\u00f4nico do Centro Drag\u00e3o do Mar de Arte e Cultura. Atualmente, a Ponte dos Ingleses conta tamb\u00e9m com um N\u00facleo de Prote\u00e7\u00e3o dos Golfinhos e uma Torre de Observa\u00e7\u00e3o de Cet\u00e1ceos.<\/p>\n<h2>Hist\u00f3ria da Ponte dos Ingleses<\/h2>\n<p>No final da d\u00e9cada de 1910 percebeu-se que Fortaleza n\u00e3o tinha um porto para receber os navios que chegavam aqui com cargas e tamb\u00e9m viajantes. Esses ancoravam na cidade atrav\u00e9s de uma antiga ponte de pedra \u2013 que mais tarde foi apelidada de \u201cEspig\u00e3o\u201d. Foi em 1921 que a Ponte dos Ingleses teve a sua constru\u00e7\u00e3o iniciada.<\/p>\n<p>Depois de 1921, mesmo com sua constru\u00e7\u00e3o n\u00e3o conclu\u00edda totalmente, muita gente passou a passear e, principalmente, para ver o p\u00f4r-do-sol. Esse tornou-se, inclusive uma refer\u00eancia para esse ponto da cidade. A Ponte dos Ingleses depois de reformada ganhou quiosques, barracas e banquinhos para relaxar.<\/p>\n<p>Al\u00e9m de passar algumas horas para aproveitar o p\u00f4r-do-sol voc\u00ea pode conhecer muito do bairro <a href=\"http:\/\/www.encontrafortaleza.com\/sobre\/hotel-iracema-fortaleza\/\" target=\"_blank\" rel=\"noopener\">Praia de Iracema<\/a>. D\u00e1 para passear pelo Estoril, um pequeno centro cultural e hist\u00f3rico que conta com exposi\u00e7\u00f5es fixas e tempor\u00e1rias sobre a hist\u00f3ria e cultura de Fortaleza. Aqui tamb\u00e9m acontecem pequenos shows de artistas locais, para um p\u00fablico menor e mais intimista. \u00c9 um passeio gratificante.<\/p>\n<p>O Bar Pirata, que fica em frente \u00e0 Ponte dos Ingleses, tamb\u00e9m \u00e9 um lugar que conta muito da hist\u00f3ria e da cultura do Cear\u00e1. Todas as segundas, o local abre para um forr\u00f3 tradicional que \u00e9 conhecido at\u00e9 mesmo fora do Brasil. N\u00e3o h\u00e1 movimento nos outros dias da semana, mas chegando no lugar, voc\u00ea pode pedir para conhec\u00ea-lo, j\u00e1 que a decora\u00e7\u00e3o chama muito a aten\u00e7\u00e3o. O bar inteiro \u00e9 um imenso navio pirata, com direito \u00e0 \u00e2ncora em tamanho real e outras r\u00e9plicas de animais marinhos.<\/p>\n<p>Mais \u00e0 frente tem outro bar que tamb\u00e9m chama muito a aten\u00e7\u00e3o dos turistas: o Lupus Bier. Conhecido pelos seus shows de humor, voc\u00ea ainda pode experimentar massas e pratos muito bem preparados. Al\u00e9m disso, o Lupus Bier ainda \u00e9 famoso pelas suas torres de cerveja nos mais variados sabores. Voc\u00ea j\u00e1 experimentou um chop de sabor abacaxi, por exemplo?<\/p>\n<p>N\u00e3o deixe de conferir esse ponto tur\u00edstico mais que especial de Fortaleza! Aproveite para conhecer outros cantinhos da cidade que ficam aqui perto, como a Praia de Iracema e o <a href=\"http:\/\/www.encontrafortaleza.com\/sobre\/dragao-do-mar-fortaleza\/\" target=\"_blank\" rel=\"noopener\">Centro Drag\u00e3o do Mar de Arte e Cultura<\/a>.<\/p>\n<h3>Ponte dos Ingleses Fotos<\/h3>\n<p><img loading=\"lazy\" decoding=\"async\" class=\"alignnone wp-image-1065 size-full\" title=\"Ponte dos Ingleses Fotos\" src=\"https:\/\/www.encontrafortaleza.com\/sobre\/wp-content\/uploads\/2019\/01\/ponte-dos-ingleses.gif\" alt=\"Ponte dos Ingleses Fotos\" width=\"627\" height=\"500\" \/><\/p>\n<h4>Mapa de localiza\u00e7\u00e3o<\/h4>\n<a class=\"wp-colorbox-iframe\" href=\"https:\/\/www.google.com\/maps\/embed?pb=!1m18!1m12!1m3!1d3981.4183301287703!2d-38.519142985241146!3d-3.7185761972944973!2m3!1f0!2f0!3f0!3m2!1i1024!2i768!4f13.1!3m3!1m2!1s0x7c74837f6d4341b0xf3719685110fc7d0!2sPonte+Metlica!5e0!3m2!1spt-BR!2sbr!4v1546525448973\"><img decoding=\"async\" src=\"http:\/\/www.encontracampinas.com.br\/imgs\/maps-post.png\"><\/a>\n\n<div style=\"font-size: 0px; height: 0px; line-height: 0px; margin: 0; padding: 0; clear: both;\"><\/div>","protected":false},"excerpt":{"rendered":"<p>A Ponte dos Ingleses Fortaleza, equivocadamente conhecida como Ponte Met\u00e1lica, est\u00e1 localizada na Praia de Iracema, Fortaleza, Cear\u00e1, Brasil. Foi um projeto de melhoramento da estrutura portu\u00e1ria de Fortaleza. A constru\u00e7\u00e3o do viaduto Lucas Bicalho foi iniciada em 24 de setembro de 1921, pela empresa inglesa Norton Griffts Co., para servir de porto da cidade de Fortaleza, em substitui\u00e7\u00e3o da antiga Ponte Met\u00e1lica (ponte ao lado, pr\u00f3xima da Avenida Almirante Tamandar\u00e9). No entanto, nunca funcionou como porto. O viaduto integrava o ante-projeto de um porto-ilha proposto pelo engenheiro Manuel Carneiro de Sousa Bandeira, e desenvolvido pelo engenheiro Lucas Bicalho. As <\/p>\n","protected":false},"author":1,"featured_media":1066,"parent":0,"menu_order":0,"comment_status":"closed","ping_status":"closed","template":"","meta":{"footnotes":""},"class_list":["post-1064","page","type-page","status-publish","has-post-thumbnail","hentry","has_thumb"],"aioseo_notices":[],"_links":{"self":[{"href":"https:\/\/www.encontrafortaleza.com\/sobre\/wp-json\/wp\/v2\/pages\/1064"}],"collection":[{"href":"https:\/\/www.encontrafortaleza.com\/sobre\/wp-json\/wp\/v2\/pages"}],"about":[{"href":"https:\/\/www.encontrafortaleza.com\/sobre\/wp-json\/wp\/v2\/types\/page"}],"author":[{"embeddable":true,"href":"https:\/\/www.encontrafortaleza.com\/sobre\/wp-json\/wp\/v2\/users\/1"}],"replies":[{"embeddable":true,"href":"https:\/\/www.encontrafortaleza.com\/sobre\/wp-json\/wp\/v2\/comments?post=1064"}],"version-history":[{"count":0,"href":"https:\/\/www.encontrafortaleza.com\/sobre\/wp-json\/wp\/v2\/pages\/1064\/revisions"}],"wp:featuredmedia":[{"embeddable":true,"href":"https:\/\/www.encontrafortaleza.com\/sobre\/wp-json\/wp\/v2\/media\/1066"}],"wp:attachment":[{"href":"https:\/\/www.encontrafortaleza.com\/sobre\/wp-json\/wp\/v2\/media?parent=1064"}],"curies":[{"name":"wp","href":"https:\/\/api.w.org\/{rel}","templated":true}]}}