{"id":1130,"date":"2019-01-11T05:44:16","date_gmt":"2019-01-11T07:44:16","guid":{"rendered":"https:\/\/www.encontrafortaleza.com\/sobre\/?page_id=1130"},"modified":"2019-01-15T05:56:10","modified_gmt":"2019-01-15T07:56:10","slug":"aquiraz-fortaleza","status":"publish","type":"page","link":"https:\/\/www.encontrafortaleza.com\/sobre\/aquiraz-fortaleza\/","title":{"rendered":"Aquiraz Fortaleza"},"content":{"rendered":"<div class=\"2ad529334b11458fd7d9bde3e187e581\" data-index=\"1\" style=\"float: left; margin: 5px 5px 5px 0;\">\n<!-- EBR \/Novo-Bairro-Topo\/ 300x250 -->\r\n<ins class=\"adsbygoogle\"\r\n     style=\"display:inline-block;width:300px;height:250px\"\r\n     data-ad-client=\"ca-pub-6414922941841817\"\r\n     data-ad-slot=\"5351822287\"><\/ins>\r\n<script>\r\n(adsbygoogle = window.adsbygoogle || []).push({});\r\n<\/script>\n<\/div>\n<p><strong>Aquiraz Fortaleza<\/strong> \u00e9 a primeira capital do Cear\u00e1.\u00a0N\u00e3o tem como falar de Aquiraz sem citar esse marco da hist\u00f3ria da cidade e do estado. Ainda assim, essas terras foram habitadas bem antes. \u00c9 dos \u00edndios Potyguaras a primeira limita\u00e7\u00e3o de terra, quando ainda s\u00f3 existiam tribos por todo o litoral cearense.<\/p>\n<p>Foi com a amea\u00e7a de invas\u00e3o holandesa e a chegada dos padres jesu\u00edtas que uma pequena vila, batizada de Reduto Novo, foi criada. A primeira grande obra de Aquiraz foi a Igreja Matriz de S\u00e3o Jos\u00e9 de Ribamar, no s\u00e9culo XVIII. Depois vieram a Casa de C\u00e2mara e a Cadeia Municipal. Bastou isso para que as aten\u00e7\u00f5es da Capitania do Cear\u00e1 voltassem para c\u00e1.<\/p>\n<p><img loading=\"lazy\" decoding=\"async\" class=\"alignnone wp-image-1132 size-full\" title=\"Aquiraz Fortaleza\" src=\"https:\/\/www.encontrafortaleza.com\/sobre\/wp-content\/uploads\/2019\/01\/aquiraz-fortaleza.png\" alt=\"Aquiraz Fortaleza\" width=\"791\" height=\"513\" srcset=\"https:\/\/www.encontrafortaleza.com\/sobre\/wp-content\/uploads\/2019\/01\/aquiraz-fortaleza.png 791w, https:\/\/www.encontrafortaleza.com\/sobre\/wp-content\/uploads\/2019\/01\/aquiraz-fortaleza-300x195.png 300w, https:\/\/www.encontrafortaleza.com\/sobre\/wp-content\/uploads\/2019\/01\/aquiraz-fortaleza-768x498.png 768w\" sizes=\"(max-width: 791px) 100vw, 791px\" \/><\/p>\n<p>Mesmo com todo avan\u00e7o at\u00e9 os dias de hoje, Aquiraz ainda guarda a riqueza da aristocracia portuguesa por suas pequenas ruas, em sua maioria de paralelep\u00edpedo. \u00c9 uma viagem ao tempo, al\u00e9m da descoberta de um lindo litoral.<\/p>\n<h2>Principais Praias de Aquiraz Fortaleza<\/h2>\n<p>\u00c9 poss\u00edvel fazer todo o litoral de Aquiraz em um \u00fanico dia, mas o problema \u00e9 voc\u00ea conseguir.\u00a0Voc\u00ea pode come\u00e7ar por Porto das Dunas, justamente onde est\u00e1 o <a href=\"http:\/\/www.encontrafortaleza.com\/sobre\/beach-park-fortaleza\/\" target=\"_blank\" rel=\"noopener\">Beach Park<\/a>. Caso n\u00e3o venha aproveitar o parque aqu\u00e1tico, algumas horas aqui \u00e9 o suficiente. Cogite a ideia de fazer um passeio de jangada, al\u00e9m de explorar as dunas locais.<br \/>\nSiga para <a href=\"http:\/\/www.encontrafortaleza.com\/sobre\/prainha-fortaleza\/\" target=\"_blank\" rel=\"noopener\">Prainha<\/a>, aproveitando tamb\u00e9m para dar um mergulho no Rio Catu. Aqui \u00e9 onde d\u00e1 para encontrar mais barracas e casas de veraneio. Depois vem a Praia do Pres\u00eddio praticamente residencial. \u00c9 o ponto de ref\u00fagio de todos os Fortalezenses, principalmente durante o carnaval. Bem vizinho tem a Praia do Iguape, mais tur\u00edstica e com alguns coqueirais e \u00e1reas verdes ideais para explora\u00e7\u00e3o. Barro Preto e Badoque encerram a lista com pouca op\u00e7\u00e3o de explora\u00e7\u00e3o, mas \u00f3timas para quem gosta de sentir a cultura cearense mais de perto.<\/p>\n<h2>Aquiraz Fortaleza &#8211; Fotos<\/h2>\n<p><img loading=\"lazy\" decoding=\"async\" class=\"alignnone wp-image-1131 size-full\" title=\"Aquiraz fotos\" src=\"https:\/\/www.encontrafortaleza.com\/sobre\/wp-content\/uploads\/2019\/01\/aquirraz-fotos.gif\" alt=\"Aquiraz fotos\" width=\"657\" height=\"500\" \/><\/p>\n<h3>Pontos tur\u00edsticos de Aquiraz Fortaleza<\/h3>\n<p>Aquiraz n\u00e3o \u00e9 uma cidade grande e os principais pontos tur\u00edsticos voc\u00ea consegue ver com uma caminhada matinal. Passe no Centro Hist\u00f3rico da cidade para conhecer a Igreja Matriz al\u00e9m das ru\u00ednas deixadas pelos Jesu\u00edtas. H\u00e1 um museu de arte sacra e a Vila do Capit\u00e3o-Mor que tamb\u00e9m merecem sua aten\u00e7\u00e3o. Para completar, uma passada no Centro das Rendeiras para observar esse trabalho t\u00e3o bem feito de artes\u00e3s locais.<\/p>\n<h3>Como chegar em Aquiraz<\/h3>\n<p>De \u00f4nibus voc\u00ea pode pegar uma linha na Rodovi\u00e1ria alternativa, que fica na Avenida Domingos Ol\u00edmpio. Os \u00f4nibus s\u00e3o comuns e a passagem \u00e9 um pouco mais cara do que a que circula na cidade. Tamb\u00e9m \u00e9 poss\u00edvel encontrar \u00f4nibus para Aquiraz na <a href=\"http:\/\/www.encontrafortaleza.com\/sobre\/rodoviaria-de-fortaleza\/\" target=\"_blank\" rel=\"noopener\">Rodovi\u00e1ria de Fortaleza<\/a>.<\/p>\n<p>Para quem vem de carro, basta seguir pela Avenida Washington Soares ou pela BR-116. O caminho \u00e9 muito bem sinalizado e voc\u00ea faz o trajeto em pouco mais de 1 hora de viagem.<\/p>\n<h4>Mapa de localiza\u00e7\u00e3o<\/h4>\n<a class=\"wp-colorbox-iframe\" href=\"https:\/\/www.google.com\/maps\/embed?pb=!1m18!1m12!1m3!1d254742.10257272032!2d-38.51975851514713!3d-3.9490266338567146!2m3!1f0!2f0!3f0!3m2!1i1024!2i768!4f13.1!3m3!1m2!1s0x7c75c1daabbffe10xf0cc632291aaee03!2sAquiraz+-+CE+61700-000!5e0!3m2!1spt-BR!2sbr!4v1547192253964\"><img decoding=\"async\" src=\"http:\/\/www.encontracampinas.com.br\/imgs\/maps-post.png\"><\/a>\n\n<div style=\"font-size: 0px; height: 0px; line-height: 0px; margin: 0; padding: 0; clear: both;\"><\/div>","protected":false},"excerpt":{"rendered":"<p>Aquiraz Fortaleza \u00e9 a primeira capital do Cear\u00e1.\u00a0N\u00e3o tem como falar de Aquiraz sem citar esse marco da hist\u00f3ria da cidade e do estado. Ainda assim, essas terras foram habitadas bem antes. \u00c9 dos \u00edndios Potyguaras a primeira limita\u00e7\u00e3o de terra, quando ainda s\u00f3 existiam tribos por todo o litoral cearense. Foi com a amea\u00e7a de invas\u00e3o holandesa e a chegada dos padres jesu\u00edtas que uma pequena vila, batizada de Reduto Novo, foi criada. A primeira grande obra de Aquiraz foi a Igreja Matriz de S\u00e3o Jos\u00e9 de Ribamar, no s\u00e9culo XVIII. Depois vieram a Casa de C\u00e2mara e a <\/p>\n","protected":false},"author":1,"featured_media":1132,"parent":0,"menu_order":0,"comment_status":"closed","ping_status":"closed","template":"","meta":{"footnotes":""},"class_list":["post-1130","page","type-page","status-publish","has-post-thumbnail","hentry","has_thumb"],"aioseo_notices":[],"_links":{"self":[{"href":"https:\/\/www.encontrafortaleza.com\/sobre\/wp-json\/wp\/v2\/pages\/1130"}],"collection":[{"href":"https:\/\/www.encontrafortaleza.com\/sobre\/wp-json\/wp\/v2\/pages"}],"about":[{"href":"https:\/\/www.encontrafortaleza.com\/sobre\/wp-json\/wp\/v2\/types\/page"}],"author":[{"embeddable":true,"href":"https:\/\/www.encontrafortaleza.com\/sobre\/wp-json\/wp\/v2\/users\/1"}],"replies":[{"embeddable":true,"href":"https:\/\/www.encontrafortaleza.com\/sobre\/wp-json\/wp\/v2\/comments?post=1130"}],"version-history":[{"count":0,"href":"https:\/\/www.encontrafortaleza.com\/sobre\/wp-json\/wp\/v2\/pages\/1130\/revisions"}],"wp:featuredmedia":[{"embeddable":true,"href":"https:\/\/www.encontrafortaleza.com\/sobre\/wp-json\/wp\/v2\/media\/1132"}],"wp:attachment":[{"href":"https:\/\/www.encontrafortaleza.com\/sobre\/wp-json\/wp\/v2\/media?parent=1130"}],"curies":[{"name":"wp","href":"https:\/\/api.w.org\/{rel}","templated":true}]}}