{"id":1247,"date":"2019-01-29T06:30:29","date_gmt":"2019-01-29T08:30:29","guid":{"rendered":"https:\/\/www.encontrafortaleza.com\/sobre\/?page_id=1247"},"modified":"2019-01-29T06:30:56","modified_gmt":"2019-01-29T08:30:56","slug":"praia-das-dunas-fortaleza","status":"publish","type":"page","link":"https:\/\/www.encontrafortaleza.com\/sobre\/praia-das-dunas-fortaleza\/","title":{"rendered":"Praia das Dunas Fortaleza"},"content":{"rendered":"<div class=\"2ad529334b11458fd7d9bde3e187e581\" data-index=\"1\" style=\"float: left; margin: 5px 5px 5px 0;\">\n<!-- EBR \/Novo-Bairro-Topo\/ 300x250 -->\r\n<ins class=\"adsbygoogle\"\r\n     style=\"display:inline-block;width:300px;height:250px\"\r\n     data-ad-client=\"ca-pub-6414922941841817\"\r\n     data-ad-slot=\"5351822287\"><\/ins>\r\n<script>\r\n(adsbygoogle = window.adsbygoogle || []).push({});\r\n<\/script>\n<\/div>\n<p>S\u00e3o 10 Km de praia cercados por grandes dunas muito brancas, a <strong>Praia Porto das Dunas Fortaleza<\/strong> \u00e9 o lugar perfeito apara quem gosta de unir a beleza da natureza com o conforto urbano. A apenas 16Km de Fortaleza, j\u00e1 na estrada de acesso, a CE-040, \u00e9 poss\u00edvel deslumbrar um pouquinho do que o aguarda.<\/p>\n<p>Em condi\u00e7\u00f5es muito boas de tr\u00e2nsito, a estrada passa por cima de uma duna alta, de cujo cume, ainda dentro do carro, d\u00e1 para ver a praia com suas \u00e1guas muito claras, calmas e mornas contrastando com a areia branca, e os coqueiros que comp\u00f5em a paisagem.<\/p>\n<p><img loading=\"lazy\" decoding=\"async\" class=\"alignnone wp-image-1248 size-full\" title=\"Praia das Dunas Fortaleza\" src=\"https:\/\/www.encontrafortaleza.com\/sobre\/wp-content\/uploads\/2019\/01\/praia-das-dunas-fortaleza.gif\" alt=\"Praia das Dunas Fortaleza\" width=\"680\" height=\"189\" \/><\/p>\n<p>\u00c9 na Praia Porto das Dunas que fica o maior parque aqu\u00e1tico da Am\u00e9rica Latina, o <a href=\"http:\/\/www.encontrafortaleza.com\/sobre\/beach-park-fortaleza\/\" target=\"_blank\" rel=\"noopener\">Beach Park<\/a>, projetado de uma forma a se integrar totalmente ao ambiente, al\u00e9m de pousadas, hot\u00e9is, restaurantes e bares. \u00c9 o Beach Park, no entanto, o destino de hospedagem mais procurado, tanto por causa da qualidade das acomoda\u00e7\u00f5es quanto por causa das atividades oferecidas. Al\u00e9m disso, o lugar \u00e9 lindo, praticamente mimetizado \u00e0 paisagem local. H\u00e1 ainda pelo menos dois resorts luxuosos, o <a href=\"https:\/\/www.encontrafortaleza.com\/sobre\/aquaville-fortaleza\/\" target=\"_blank\" rel=\"noopener\">Aquaville<\/a> e o Alphaville na mesma regi\u00e3o.<\/p>\n<p>Um pouco mais distante desses empreendimentos, no entanto, h\u00e1 pelo e nos 5 Km de praia que parece intocados. Uma grande extens\u00e3o de areia propicia o passeio a cavalo, de buggy ou quadriciclo enquanto no mar o vento faz a divers\u00e3o dos adeptos do sandboard, offroad, windsurfe, kitesurf, parasail e asa-delta. A praia sedia, inclusive, uma das etapas do Campeonato Mundial de Windsurf.<\/p>\n<p>O fim da Praia de Porto das Dunas reserva outra surpresa, um local simplesmente deslumbrante conhecido como <a href=\"http:\/\/www.encontrafortaleza.com\/sobre\/prainha-fortaleza\/\" target=\"_blank\" rel=\"noopener\">Prainha<\/a>. L\u00e1, os pescadores que diariamente levam suas jangadas para o mar anualmente disputam a Regata Navegarte, tornando o lugar ainda mais bonito. S\u00e3o eles e suas fam\u00edlias, tamb\u00e9m, os respons\u00e1veis por um artesanato muito bonito, perfeito para quem quer levar para casa um peda\u00e7o desse para\u00edso.<\/p>\n<p>Mas quando voc\u00ea for \u00e0 Praia do Porto das Dunas, v\u00e1 preparado para botar a m\u00e3o o bolso, porque os pre\u00e7os n\u00e3o s\u00e3o baratos, j\u00e1 que \u00e9 um dos principais roteiros tur\u00edsticos do Cear\u00e1. Os pre\u00e7os fazem jus, tamb\u00e9m, \u00e0 vizinhan\u00e7a de mans\u00f5es e resorts de luxo, por isso se a ideia for economizar prepare-se para fazer as refei\u00e7\u00f5es em outro lugar ou levar o seu lanche.<\/p>\n<h3>Hor\u00e1rio de Funcionamento Praia das Dunas<\/h3>\n<ul>\n<li>24 horas<\/li>\n<\/ul>\n<h3>Endere\u00e7o Praia Porto das Dunas<\/h3>\n<ul>\n<li><span class=\"w8qArf\">\u00a0<\/span><span class=\"LrzXr\">Av. dos Oceanos, s\/n &#8211; Porto das Dunas &#8211; Aquiraz &#8211; CE<\/span><\/li>\n<\/ul>\n<h4>Mapa de localiza\u00e7\u00e3o<\/h4>\n<a class=\"wp-colorbox-iframe\" href=\"https:\/\/www.google.com\/maps\/embed?pb=!1m14!1m8!1m3!1d15923.395811884104!2d-38.3938559!3d-3.842584!3m2!1i1024!2i768!4f13.1!3m3!1m2!1s0x00xa13aa959383df6b3!2sPorto+das+Dunas!5e0!3m2!1spt-BR!2sbr!4v1548750441565\"><img decoding=\"async\" src=\"http:\/\/www.encontracampinas.com.br\/imgs\/maps-post.png\"><\/a>\n\n<div style=\"font-size: 0px; height: 0px; line-height: 0px; margin: 0; padding: 0; clear: both;\"><\/div>","protected":false},"excerpt":{"rendered":"<p>S\u00e3o 10 Km de praia cercados por grandes dunas muito brancas, a Praia Porto das Dunas Fortaleza \u00e9 o lugar perfeito apara quem gosta de unir a beleza da natureza com o conforto urbano. A apenas 16Km de Fortaleza, j\u00e1 na estrada de acesso, a CE-040, \u00e9 poss\u00edvel deslumbrar um pouquinho do que o aguarda. Em condi\u00e7\u00f5es muito boas de tr\u00e2nsito, a estrada passa por cima de uma duna alta, de cujo cume, ainda dentro do carro, d\u00e1 para ver a praia com suas \u00e1guas muito claras, calmas e mornas contrastando com a areia branca, e os coqueiros que comp\u00f5em <\/p>\n","protected":false},"author":1,"featured_media":0,"parent":0,"menu_order":0,"comment_status":"closed","ping_status":"closed","template":"","meta":{"footnotes":""},"class_list":["post-1247","page","type-page","status-publish","hentry"],"aioseo_notices":[],"_links":{"self":[{"href":"https:\/\/www.encontrafortaleza.com\/sobre\/wp-json\/wp\/v2\/pages\/1247"}],"collection":[{"href":"https:\/\/www.encontrafortaleza.com\/sobre\/wp-json\/wp\/v2\/pages"}],"about":[{"href":"https:\/\/www.encontrafortaleza.com\/sobre\/wp-json\/wp\/v2\/types\/page"}],"author":[{"embeddable":true,"href":"https:\/\/www.encontrafortaleza.com\/sobre\/wp-json\/wp\/v2\/users\/1"}],"replies":[{"embeddable":true,"href":"https:\/\/www.encontrafortaleza.com\/sobre\/wp-json\/wp\/v2\/comments?post=1247"}],"version-history":[{"count":0,"href":"https:\/\/www.encontrafortaleza.com\/sobre\/wp-json\/wp\/v2\/pages\/1247\/revisions"}],"wp:attachment":[{"href":"https:\/\/www.encontrafortaleza.com\/sobre\/wp-json\/wp\/v2\/media?parent=1247"}],"curies":[{"name":"wp","href":"https:\/\/api.w.org\/{rel}","templated":true}]}}