{"id":1307,"date":"2019-02-07T13:37:52","date_gmt":"2019-02-07T15:37:52","guid":{"rendered":"https:\/\/www.encontrafortaleza.com\/sobre\/?p=1307"},"modified":"2019-03-07T05:56:34","modified_gmt":"2019-03-07T08:56:34","slug":"ceart-fortaleza","status":"publish","type":"page","link":"https:\/\/www.encontrafortaleza.com\/sobre\/ceart-fortaleza\/","title":{"rendered":"Ceart Fortaleza"},"content":{"rendered":"<div class=\"2ad529334b11458fd7d9bde3e187e581\" data-index=\"1\" style=\"float: left; margin: 5px 5px 5px 0;\">\n<!-- EBR \/Novo-Bairro-Topo\/ 300x250 -->\r\n<ins class=\"adsbygoogle\"\r\n     style=\"display:inline-block;width:300px;height:250px\"\r\n     data-ad-client=\"ca-pub-6414922941841817\"\r\n     data-ad-slot=\"5351822287\"><\/ins>\r\n<script>\r\n(adsbygoogle = window.adsbygoogle || []).push({});\r\n<\/script>\n<\/div>\n<p>A <strong>Ceart Fortaleza<\/strong> &#8211; Central de Artesanato do Cear\u00e1 &#8211; \u00e9 um mercado de Fortaleza que comercializa o artesanato produzido no Cear\u00e1.\u00a0Surgiu em 1979 por iniciativa da primeira dama Luiza T\u00e1vora, como a\u00e7\u00e3o governamental para fomentar, desenvolver e organizar o artesanato cearense .<\/p>\n<p>A primeira sede do Ceart, projetada pelo engenheiro cearense Pedro Natale Rossi, utilizava troncos de carna\u00faba em sua estrutura. No entanto, a constru\u00e7\u00e3o se desgastou com o tempo e um novo projeto teve que ser erguido no local. A nova Central foi inaugurada em mar\u00e7o de 1992.<\/p>\n<p><img loading=\"lazy\" decoding=\"async\" class=\"alignnone wp-image-1308 size-full\" title=\"Ceart Fortaleza\" src=\"https:\/\/www.encontrafortaleza.com\/sobre\/wp-content\/uploads\/2019\/02\/ceart-fortaleza.gif\" alt=\"Ceart Fortaleza\" width=\"680\" height=\"189\" \/><\/p>\n<p>Em 2006, o total de artes\u00e3os cadastrados chegou a quase 35 mil. Atualmente o \u00f3rg\u00e3o \u00e9 vinculado \u00e0 Secretaria de Trabalho e Desenvolvimento Social. Al\u00e9m de funcionar como mercado, a Central oferece cursos de capacita\u00e7\u00e3o para artes\u00e3os, promove a\u00e7\u00f5es para levar suas obras a outros mercados e abriga exposi\u00e7\u00f5es.<\/p>\n<h2>Ceart Fortaleza Produtos<\/h2>\n<p>A Ceart comercializa <em>produtos<\/em> de artes\u00e3os que fazem parte da Programa de Desenvolvimento do Artesanato Cearense. Conduzido pela Secretaria do Trabalho e Desenvo<span class=\"text_exposed_show\">lvimento Social (STDS), do Governo do estado do Cear\u00e1, o programa apoia essa atividade que \u00e9 a principal fonte de sustento de cerca de 5.000 fam\u00edlias cearenses.<\/span><\/p>\n<h3>Ceart Fortaleza Pre\u00e7os<\/h3>\n<p>Os pre\u00e7os variam de acordo com os produtos escolhidos. Voc\u00ea pode consulta-los acessando o Facebook ou site do local.<em><br \/>\n<\/em><\/p>\n<h3>Ceart Fortaleza Fotos<\/h3>\n<p><img loading=\"lazy\" decoding=\"async\" class=\"alignnone wp-image-1309 size-full\" title=\"Ceart Fortaleza Fotos\" src=\"https:\/\/www.encontrafortaleza.com\/sobre\/wp-content\/uploads\/2019\/02\/ceart-fotos.gif\" alt=\"Ceart Fortaleza Fotos\" width=\"594\" height=\"500\" \/><\/p>\n<h3>Hor\u00e1rio de Funcionamento Ceart em Fortaleza<\/h3>\n<ul>\n<li>Segunda a S\u00e1bado das 09h \u00e0s 21h \/ Domingo das 14h30 \u00e0s 20h30<\/li>\n<\/ul>\n<h3>Onde Fica,\u00a0Endere\u00e7o e Telefone Ceart em Fortaleza<\/h3>\n<ul>\n<li>Av. Santos Dumont, 1589 &#8211; Aldeota &#8211; Fortaleza &#8211; CE<\/li>\n<li>Telefone: (85) 3101-1644<\/li>\n<\/ul>\n<h4>Outras informa\u00e7\u00f5es e site<\/h4>\n<ul>\n<li>Mais informa\u00e7\u00f5es:\u00a0<a href=\"https:\/\/www.facebook.com\/ceartoficial\/\" target=\"_blank\" rel=\"noopener noreferrer\">www.facebook.com\/ceartoficial<\/a><\/li>\n<\/ul>\n<h4>Mapa de localiza\u00e7\u00e3o<\/h4>\n<a class=\"wp-colorbox-iframe\" href=\"https:\/\/www.google.com\/maps\/embed?pb=!1m14!1m8!1m3!1d15925.43757156764!2d-38.5097094!3d-3.7316034!3m2!1i1024!2i768!4f13.1!3m3!1m2!1s0x00xcd565332ecbbd84!2zQ2VhcnQsIFByYcOnYSBMdWl6YSBUw6F2b3Jh!5e0!3m2!1spt-BR!2sbr!4v1549553550706\"><img decoding=\"async\" src=\"http:\/\/www.encontracampinas.com.br\/imgs\/maps-post.png\"><\/a>\n\n<div style=\"font-size: 0px; height: 0px; line-height: 0px; margin: 0; padding: 0; clear: both;\"><\/div>","protected":false},"excerpt":{"rendered":"<p>A Ceart Fortaleza &#8211; Central de Artesanato do Cear\u00e1 &#8211; \u00e9 um mercado de Fortaleza que comercializa o artesanato produzido no Cear\u00e1.\u00a0Surgiu em 1979 por iniciativa da primeira dama Luiza T\u00e1vora, como a\u00e7\u00e3o governamental para fomentar, desenvolver e organizar o artesanato cearense . A primeira sede do Ceart, projetada pelo engenheiro cearense Pedro Natale Rossi, utilizava troncos de carna\u00faba em sua estrutura. No entanto, a constru\u00e7\u00e3o se desgastou com o tempo e um novo projeto teve que ser erguido no local. A nova Central foi inaugurada em mar\u00e7o de 1992. Em 2006, o total de artes\u00e3os cadastrados chegou a quase <\/p>\n","protected":false},"author":1,"featured_media":0,"parent":0,"menu_order":0,"comment_status":"open","ping_status":"open","template":"","meta":{"footnotes":""},"class_list":["post-1307","page","type-page","status-publish","hentry"],"aioseo_notices":[],"_links":{"self":[{"href":"https:\/\/www.encontrafortaleza.com\/sobre\/wp-json\/wp\/v2\/pages\/1307"}],"collection":[{"href":"https:\/\/www.encontrafortaleza.com\/sobre\/wp-json\/wp\/v2\/pages"}],"about":[{"href":"https:\/\/www.encontrafortaleza.com\/sobre\/wp-json\/wp\/v2\/types\/page"}],"author":[{"embeddable":true,"href":"https:\/\/www.encontrafortaleza.com\/sobre\/wp-json\/wp\/v2\/users\/1"}],"replies":[{"embeddable":true,"href":"https:\/\/www.encontrafortaleza.com\/sobre\/wp-json\/wp\/v2\/comments?post=1307"}],"version-history":[{"count":0,"href":"https:\/\/www.encontrafortaleza.com\/sobre\/wp-json\/wp\/v2\/pages\/1307\/revisions"}],"wp:attachment":[{"href":"https:\/\/www.encontrafortaleza.com\/sobre\/wp-json\/wp\/v2\/media?parent=1307"}],"curies":[{"name":"wp","href":"https:\/\/api.w.org\/{rel}","templated":true}]}}