{"id":1312,"date":"2019-02-07T14:12:59","date_gmt":"2019-02-07T16:12:59","guid":{"rendered":"https:\/\/www.encontrafortaleza.com\/sobre\/?page_id=1312"},"modified":"2019-02-07T14:12:59","modified_gmt":"2019-02-07T16:12:59","slug":"maternidade-escola-fortaleza","status":"publish","type":"page","link":"https:\/\/www.encontrafortaleza.com\/sobre\/maternidade-escola-fortaleza\/","title":{"rendered":"Maternidade Escola Fortaleza"},"content":{"rendered":"<div class=\"2ad529334b11458fd7d9bde3e187e581\" data-index=\"1\" style=\"float: left; margin: 5px 5px 5px 0;\">\n<!-- EBR \/Novo-Bairro-Topo\/ 300x250 -->\r\n<ins class=\"adsbygoogle\"\r\n     style=\"display:inline-block;width:300px;height:250px\"\r\n     data-ad-client=\"ca-pub-6414922941841817\"\r\n     data-ad-slot=\"5351822287\"><\/ins>\r\n<script>\r\n(adsbygoogle = window.adsbygoogle || []).push({});\r\n<\/script>\n<\/div>\n<p>A Campanha em prol da constru\u00e7\u00e3o da <strong>Maternidade Escola Fortaleza<\/strong> foi lan\u00e7ada oficialmente na capital cearense na noite de 28 de maio de 1955, pelo Sr. Jo\u00e3o de Medeiros Calmon, no momento em que lhe era prestada, em banquete que reuniu representantes de todas as classes sociais do Cear\u00e1, uma grande homenagem por motivo de sua recente ascens\u00e3o ao posto de Diretor Geral dos Di\u00e1rios, R\u00e1dios e TV Associados.<\/p>\n<p>Ao agradecer a expressiva manifesta\u00e7\u00e3o, o Sr. Jo\u00e3o Calmon valeu-se da oportunidade para anunciar o in\u00edcio do movimento, h\u00e1 muito concebido e que logo mais iria empolgar, como um formid\u00e1vel inc\u00eandio de generosidade e amor ao pr\u00f3ximo, a alma dos filhos do Cear\u00e1.<\/p>\n<p><img loading=\"lazy\" decoding=\"async\" class=\"alignnone wp-image-1313 size-full\" title=\"Maternidade Escola Fortaleza\" src=\"https:\/\/www.encontrafortaleza.com\/sobre\/wp-content\/uploads\/2019\/02\/maternidade-escola-fortaleza.gif\" alt=\"Maternidade Escola Fortaleza\" width=\"680\" height=\"189\" \/><\/p>\n<p>A Maternidade Escola Assis Chateaubriand tem a miss\u00e3o de realizar assist\u00eancia, ensino e pesquisa para o cuidado com excel\u00eancia \u00e0 sa\u00fade da mulher e do rec\u00e9m-nascido. Com a vis\u00e3o de ser institui\u00e7\u00e3o acreditada, refer\u00eancia regional em pesquisa na \u00e1rea de sa\u00fade da mulher e perinatal, com profissionais capacitados e cen\u00e1rios de pr\u00e1ticas adequados.<\/p>\n<h2>Maternidade Escola Fortaleza Especialidades<\/h2>\n<p>Os 24 ambulat\u00f3rios da MEAC prestam atendimento \u00e0 popula\u00e7\u00e3o nas<em> especialidades<\/em> m\u00e9dicas de Obstetr\u00edcia, Ginecologia, Mastologia, Acupuntura, Anestesiologia, Oncologia e Cl\u00ednica M\u00e9dica. Atendimentos de outras profiss\u00f5es tamb\u00e9m s\u00e3o realizados, destacando-se os da Psicologia, Enfermagem, Terapia Ocupacional, Psiquiatria e Servi\u00e7o Social. Portanto, a unidade ambulatorial destaca-se pela diversidade de atendimento\u00a0\u00e0 mulher, desde a fase adolescente at\u00e9 o climat\u00e9rio, contribuindo com estrat\u00e9gias de promo\u00e7\u00e3o da sa\u00fade, favorecendo melhor qualidade\u00a0de vida \u00e0 cliente que busca o servi\u00e7o.<\/p>\n<h3>Maternidade Escola Assis Chateaubriand Fortaleza Banco de Leite<\/h3>\n<p>O Banco de Leite Humano da Maternidade-Escola Assis Chateaubriand (MEAC), do Complexo Hospitalar da UFC\/Ebserh, tem como miss\u00e3o incentivar, proteger e promover o aleitamento materno, diminuindo os \u00edndices de morbi-mortalidade infantil, visando a melhoria da qualidade de vida da popula\u00e7\u00e3o.<\/p>\n<p>O objetivo do Banco de Leite Humano da MEAC \u00e9 trabalhar as quest\u00f5es relacionadas ao aleitamento materno, realizar controle de qualidade no leite humano ordenhado doado e distribuir \u00e0 Unidade Neonatal da MEAC.<\/p>\n<p>O BLH incentiva e promove o Aleitamento Materno atrav\u00e9s de v\u00e1rias a\u00e7\u00f5es:<\/p>\n<ul>\n<li>Atendimento \u00e0s gestantes durante o pr\u00e9 natal;<\/li>\n<li>Atendimento \u00e0s nutrizes com dificuldades em amamenta\u00e7\u00e3o;<\/li>\n<li>Realiza controle de qualidade do leite humano ordenhado;<\/li>\n<li>Mant\u00e9m parcerias com v\u00e1rios segmentos da sociedade;<\/li>\n<li>Treina e capacita profissionais da sa\u00fade e \u00e1reas afins;<\/li>\n<li>Colabora e realiza pesquisas cient\u00edficas, sendo tamb\u00e9m o principal colaborador na manuten\u00e7\u00e3o\u00a0\u00a0 do T\u00edtulo Hospital Amigo da Crian\u00e7a.<\/li>\n<\/ul>\n<h3>Vagas Maternidade Escola Fortaleza &#8211; Trabalhe Conosco<\/h3>\n<p>A Maternidade Escola Fortaleza disponibiliza <em>vagas de trabalho<\/em> durante todo ano. Para se informar sobre os processos seletivos e se candidatar as vagas acompanhe o site da empresa, onde \u00e9 poss\u00edvel se informar sobre vagas abertas, sal\u00e1rios e compet\u00eancias necess\u00e1rias para se candidatar ao processo.<\/p>\n<h3>Hor\u00e1rio de Funcionamento Maternidade Escola em Fortaleza<\/h3>\n<ul>\n<li>24 horas<\/li>\n<\/ul>\n<h3>Onde Fica,\u00a0Endere\u00e7o e Telefone Maternidade Escola em Fortaleza<\/h3>\n<ul>\n<li>Rua Coronel Nunes de Melo, S\/n &#8211; Rodolfo Te\u00f3filo &#8211; Fortaleza &#8211; CE<\/li>\n<li>Telefone:\u00a0(85) 3366-8501<\/li>\n<\/ul>\n<h4>Outras informa\u00e7\u00f5es e site<\/h4>\n<ul>\n<li>Mais informa\u00e7\u00f5es:\u00a0<a href=\"http:\/\/www2.ebserh.gov.br\/web\/meac-ufc\" target=\"_blank\" rel=\"noopener noreferrer\">www2.ebserh.gov.br\/web\/meac-ufc<\/a><\/li>\n<\/ul>\n<h4>Mapa de localiza\u00e7\u00e3o<\/h4>\n<a class=\"wp-colorbox-iframe\" href=\"https:\/\/www.google.com\/maps\/embed?pb=!1m14!1m8!1m3!1d15925.131807670658!2d-38.5530155!3d-3.7484322!3m2!1i1024!2i768!4f13.1!3m3!1m2!1s0x00x32e9c40ec16a5f7c!2sMaternidade+Escola+Assis+Chateaubriand!5e0!3m2!1spt-BR!2sbr!4v1549555763561\"><img decoding=\"async\" src=\"http:\/\/www.encontracampinas.com.br\/imgs\/maps-post.png\"><\/a>\n\n<div style=\"font-size: 0px; height: 0px; line-height: 0px; margin: 0; padding: 0; clear: both;\"><\/div>","protected":false},"excerpt":{"rendered":"<p>A Campanha em prol da constru\u00e7\u00e3o da Maternidade Escola Fortaleza foi lan\u00e7ada oficialmente na capital cearense na noite de 28 de maio de 1955, pelo Sr. Jo\u00e3o de Medeiros Calmon, no momento em que lhe era prestada, em banquete que reuniu representantes de todas as classes sociais do Cear\u00e1, uma grande homenagem por motivo de sua recente ascens\u00e3o ao posto de Diretor Geral dos Di\u00e1rios, R\u00e1dios e TV Associados. Ao agradecer a expressiva manifesta\u00e7\u00e3o, o Sr. Jo\u00e3o Calmon valeu-se da oportunidade para anunciar o in\u00edcio do movimento, h\u00e1 muito concebido e que logo mais iria empolgar, como um formid\u00e1vel inc\u00eandio <\/p>\n","protected":false},"author":1,"featured_media":0,"parent":0,"menu_order":0,"comment_status":"closed","ping_status":"closed","template":"","meta":{"footnotes":""},"class_list":["post-1312","page","type-page","status-publish","hentry"],"aioseo_notices":[],"_links":{"self":[{"href":"https:\/\/www.encontrafortaleza.com\/sobre\/wp-json\/wp\/v2\/pages\/1312"}],"collection":[{"href":"https:\/\/www.encontrafortaleza.com\/sobre\/wp-json\/wp\/v2\/pages"}],"about":[{"href":"https:\/\/www.encontrafortaleza.com\/sobre\/wp-json\/wp\/v2\/types\/page"}],"author":[{"embeddable":true,"href":"https:\/\/www.encontrafortaleza.com\/sobre\/wp-json\/wp\/v2\/users\/1"}],"replies":[{"embeddable":true,"href":"https:\/\/www.encontrafortaleza.com\/sobre\/wp-json\/wp\/v2\/comments?post=1312"}],"version-history":[{"count":0,"href":"https:\/\/www.encontrafortaleza.com\/sobre\/wp-json\/wp\/v2\/pages\/1312\/revisions"}],"wp:attachment":[{"href":"https:\/\/www.encontrafortaleza.com\/sobre\/wp-json\/wp\/v2\/media?parent=1312"}],"curies":[{"name":"wp","href":"https:\/\/api.w.org\/{rel}","templated":true}]}}