{"id":1545,"date":"2019-04-03T12:00:01","date_gmt":"2019-04-03T15:00:01","guid":{"rendered":"https:\/\/www.encontrafortaleza.com\/sobre\/?page_id=1545"},"modified":"2019-04-03T12:00:52","modified_gmt":"2019-04-03T15:00:52","slug":"videira-fortaleza","status":"publish","type":"page","link":"https:\/\/www.encontrafortaleza.com\/sobre\/videira-fortaleza\/","title":{"rendered":"Videira Fortaleza"},"content":{"rendered":"<div class=\"2ad529334b11458fd7d9bde3e187e581\" data-index=\"1\" style=\"float: left; margin: 5px 5px 5px 0;\">\n<!-- EBR \/Novo-Bairro-Topo\/ 300x250 -->\r\n<ins class=\"adsbygoogle\"\r\n     style=\"display:inline-block;width:300px;height:250px\"\r\n     data-ad-client=\"ca-pub-6414922941841817\"\r\n     data-ad-slot=\"5351822287\"><\/ins>\r\n<script>\r\n(adsbygoogle = window.adsbygoogle || []).push({});\r\n<\/script>\n<\/div>\n<p>A <strong>Videira Fortaleza<\/strong> nasceu em 1 de julho de 2001 como fruto de um chamado de Deus colocado nos cora\u00e7\u00f5es dos nossos pastores Costa Neto e Nenen . No in\u00edcio contava com apenas 20 membros, mas com uma vis\u00e3o poderosa de alcan\u00e7ar pessoas imperfeitas para amar um Deus perfeito.<\/p>\n<p>Hoje al\u00e9m da Videira Sul ( sede ) localizada em Fortaleza, conta com a extens\u00e3o Videira Centro tamb\u00e9m em Fortaleza e o campus Videira Natal ( RN ) e j\u00e1 sonha com novas extens\u00f5es e com o reino de Deus sendo expandido atrav\u00e9s da igreja.<\/p>\n<p><img loading=\"lazy\" decoding=\"async\" class=\"alignnone wp-image-1546 size-full\" title=\"Videira Fortaleza\" src=\"https:\/\/www.encontrafortaleza.com\/sobre\/wp-content\/uploads\/2019\/04\/videira-fortaleza.gif\" alt=\"Videira Fortaleza\" width=\"680\" height=\"189\" \/><\/p>\n<p>O chamado para criar a Videira surgiu do desejo de trazer uma proposta nova de igreja, em que a mensagem do evangelho de Jesus fosse transmitida de uma forma pr\u00e1tica e que atingisse todas as camadas da sociedade. E \u00e9 essa forma pr\u00e1tica, viva e real de viver o evangelho que torna a Videira t\u00e3o diferente.<\/p>\n<p>Uma igreja que segue princ\u00edpios b\u00edblicos, levando pessoas a seguirem a Jesus e a viverem o cristianismo fora das quatro paredes do templo, atrav\u00e9s de a\u00e7\u00f5es de generosidade que ajudam transformar a hist\u00f3ria de outras vidas.<\/p>\n<h2>Videira Fortaleza Pilares<\/h2>\n<p>A Videira \u00e9 sustentada em cinco <em>princ\u00edpios b\u00e1sicos<\/em>: comunh\u00e3o, adora\u00e7\u00e3o, servi\u00e7o, evangelismo e edifica\u00e7\u00e3o.<\/p>\n<ul>\n<li>Comunh\u00e3o: As pessoas se relacionam n\u00e3o somente na igreja, mas durante a semana atrav\u00e9s dos Grupos de Crescimento, uma das melhores ferramentas para relacionamentos saud\u00e1veis serem constru\u00eddos.<\/li>\n<li>Adora\u00e7\u00e3o: N\u00e3o \u00e9 sobre cantar, louvar ou fazer m\u00fasica. Mas \u00e9 sobre atitudes de indiv\u00edduos que obedecem a Deus, e s\u00e3o submissos \u00e0 palavra Dele.<\/li>\n<li>Servi\u00e7o: Servir na comunidade, na igreja local e na sociedade. A nossa &#8220;\u00c1frica&#8221; est\u00e1 no Instituto Vida Videira. A nossa China est\u00e1 no olhar de cada membro da nossa igreja local.<\/li>\n<li>Evangelismo: Alcan\u00e7ar o outro por meio de relacionamentos com pessoas. Nossa meta n\u00e3o \u00e9 &#8220;pregar&#8221; Jesus, mas permitir que as pessoas O vejam atrav\u00e9s do nosso relacionamento sincero.<\/li>\n<li>Edifica\u00e7\u00e3o: Pessoas que v\u00e3o ser edificadas na palavra, quando forem encorajados a crescer em um relacionamento pessoal com Jesus, atrav\u00e9s da leitura da b\u00edblia e da ora\u00e7\u00e3o pessoal.<\/li>\n<\/ul>\n<h3>Videira Fortaleza Youtube<\/h3>\n<p>Voc\u00ea pode assistir ao vivo no <a href=\"https:\/\/www.youtube.com\/channel\/UCfOmYlgGNBeXzMJnnpJjbxQ\" target=\"_blank\" rel=\"noopener\">Youtube<\/a> a programa\u00e7\u00e3o da igreja.<\/p>\n<h3>Hor\u00e1rio de Funcionamento Videira em Fortaleza<\/h3>\n<ul>\n<li>Domingo das 17h30 \u00e0s 21h \/ Segunda a Sexta das 08h \u00e0s 19h30<\/li>\n<\/ul>\n<h3>Onde Fica,\u00a0Endere\u00e7o e Telefone Videira em Fortaleza<\/h3>\n<ul>\n<li><strong>Jos\u00e9 de Alencar:<\/strong> Rua Elizeu Ori\u00e1, 1553 &#8211;\u00a0Telefone: (85) 3878-0100<\/li>\n<li><strong>Presidente Kennedy:<\/strong> Rua Padre M\u00e1ximo Feitosa, 919 &#8211; Telefone: (85) 3223-2942<\/li>\n<li><strong>Centro:<\/strong> Rua Senador Pompeu, 1861 &#8211; Telefone: (85) 3878-0100<\/li>\n<li><strong>Jos\u00e9 Bonif\u00e1cio:<\/strong> Av.Dom Manoel, 90 &#8211; Telefone: (85) 3878-0100<\/li>\n<\/ul>\n<h4>Outras informa\u00e7\u00f5es e site<\/h4>\n<ul>\n<li>Mais informa\u00e7\u00f5es:\u00a0<a href=\"http:\/\/www.ccvideira.com.br\/\" target=\"_blank\" rel=\"noopener noreferrer\">www.ccvideira.com.br<\/a><\/li>\n<\/ul>\n<h4>Mapa de localiza\u00e7\u00e3o<\/h4>\n<a class=\"wp-colorbox-iframe\" href=\"https:\/\/www.google.com\/maps\/embed?pb=!1m14!1m8!1m3!1d15924.146306085568!2d-38.4766474!3d-3.8021666!3m2!1i1024!2i768!4f13.1!3m3!1m2!1s0x00x3fa7f330fb68102e!2sComunidade+Crist+Videira!5e0!3m2!1spt-BR!2sbr!4v1554303068824!5m2!1spt-BR!2sbr\"><img decoding=\"async\" src=\"http:\/\/www.encontracampinas.com.br\/imgs\/maps-post.png\"><\/a>\n\n<div style=\"font-size: 0px; height: 0px; line-height: 0px; margin: 0; padding: 0; clear: both;\"><\/div>","protected":false},"excerpt":{"rendered":"<p>A Videira Fortaleza nasceu em 1 de julho de 2001 como fruto de um chamado de Deus colocado nos cora\u00e7\u00f5es dos nossos pastores Costa Neto e Nenen . No in\u00edcio contava com apenas 20 membros, mas com uma vis\u00e3o poderosa de alcan\u00e7ar pessoas imperfeitas para amar um Deus perfeito. Hoje al\u00e9m da Videira Sul ( sede ) localizada em Fortaleza, conta com a extens\u00e3o Videira Centro tamb\u00e9m em Fortaleza e o campus Videira Natal ( RN ) e j\u00e1 sonha com novas extens\u00f5es e com o reino de Deus sendo expandido atrav\u00e9s da igreja. O chamado para criar a Videira <\/p>\n","protected":false},"author":1,"featured_media":0,"parent":0,"menu_order":0,"comment_status":"closed","ping_status":"closed","template":"","meta":{"footnotes":""},"class_list":["post-1545","page","type-page","status-publish","hentry"],"aioseo_notices":[],"_links":{"self":[{"href":"https:\/\/www.encontrafortaleza.com\/sobre\/wp-json\/wp\/v2\/pages\/1545"}],"collection":[{"href":"https:\/\/www.encontrafortaleza.com\/sobre\/wp-json\/wp\/v2\/pages"}],"about":[{"href":"https:\/\/www.encontrafortaleza.com\/sobre\/wp-json\/wp\/v2\/types\/page"}],"author":[{"embeddable":true,"href":"https:\/\/www.encontrafortaleza.com\/sobre\/wp-json\/wp\/v2\/users\/1"}],"replies":[{"embeddable":true,"href":"https:\/\/www.encontrafortaleza.com\/sobre\/wp-json\/wp\/v2\/comments?post=1545"}],"version-history":[{"count":0,"href":"https:\/\/www.encontrafortaleza.com\/sobre\/wp-json\/wp\/v2\/pages\/1545\/revisions"}],"wp:attachment":[{"href":"https:\/\/www.encontrafortaleza.com\/sobre\/wp-json\/wp\/v2\/media?parent=1545"}],"curies":[{"name":"wp","href":"https:\/\/api.w.org\/{rel}","templated":true}]}}