{"id":1547,"date":"2019-04-03T12:11:06","date_gmt":"2019-04-03T15:11:06","guid":{"rendered":"https:\/\/www.encontrafortaleza.com\/sobre\/?page_id=1547"},"modified":"2019-04-15T14:17:58","modified_gmt":"2019-04-15T17:17:58","slug":"porto-fortaleza","status":"publish","type":"page","link":"https:\/\/www.encontrafortaleza.com\/sobre\/porto-fortaleza\/","title":{"rendered":"Porto Fortaleza"},"content":{"rendered":"<div class=\"2ad529334b11458fd7d9bde3e187e581\" data-index=\"1\" style=\"float: left; margin: 5px 5px 5px 0;\">\n<!-- EBR \/Novo-Bairro-Topo\/ 300x250 -->\r\n<ins class=\"adsbygoogle\"\r\n     style=\"display:inline-block;width:300px;height:250px\"\r\n     data-ad-client=\"ca-pub-6414922941841817\"\r\n     data-ad-slot=\"5351822287\"><\/ins>\r\n<script>\r\n(adsbygoogle = window.adsbygoogle || []).push({});\r\n<\/script>\n<\/div>\n<p>O Porto do Mucuripe ou <strong>Porto de Fortaleza<\/strong>, como \u00e9 mais conhecido, \u00e9 um porto da cidade de Fortaleza. Para navega\u00e7\u00e3o atrav\u00e9s de Carta N\u00e1utica, utiliza-se a carta N\u00ba 701 elaborada pela Diretoria de Hidrografia e Navega\u00e7\u00e3o &#8211; DHN, da Marinha do Brasil.<\/p>\n<p>O Porto \u00e9 um dos principais portos da navega\u00e7\u00e3o de cabotagem do Brasil em movimenta\u00e7\u00e3o de cargas. Segundo muitos historiadores, a Ponta do Mucuripe teria sido o primeiro local de desembarque de europeus no atual territ\u00f3rio brasileiro.<\/p>\n<p><img loading=\"lazy\" decoding=\"async\" class=\"alignnone wp-image-1548 size-full\" title=\"Porto Fortaleza\" src=\"https:\/\/www.encontrafortaleza.com\/sobre\/wp-content\/uploads\/2019\/04\/porto-fortaleza.gif\" alt=\"Porto Fortaleza\" width=\"680\" height=\"189\" \/><\/p>\n<h2>Hist\u00f3ria Porto Fortaleza<\/h2>\n<p>A Ponta do Mucuripe \u00e9 um dos locais mais citados pelos historiadores como tendo sido o local de desembarque da expedi\u00e7\u00e3o de Vicente Y\u00e1\u00f1ez Pinz\u00f3n em janeiro de 1500. Segundo os historiadores, Pinz\u00f3n, ao perceber que o local pertencia a Portugal e n\u00e3o \u00e0 Espanha, de acordo com o Tratado de Tordesilhas, teria zarpado e seguido viagem no sentido oeste, para a foz do Rio Amazonas, regi\u00e3o esta formalmente pertencente \u00e0 Espanha. Situado na enseada do Mucuripe desde a d\u00e9cada de 1950, o Porto de Fortaleza \u00e9 rico em hist\u00f3rias, ideias e projetos.<\/p>\n<p>O primeiro projeto de porto para Fortaleza surgiu em 1870 pelas m\u00e3os de Charles Neate. Seu projeto consistiu na constru\u00e7\u00e3o de um quebra-mar e sistemas auxilares para a atraca\u00e7\u00e3o de navios na costa no hist\u00f3ricos local da Prainha, ao lado direito da foz do Riacho Paje\u00fa, pr\u00f3ximo a Fortaleza de Nossa Senhora de Assun\u00e7\u00e3o, onde hoje existe a Praia de Iracema. Neste local foram constru\u00eddos v\u00e1rios trapiches desde 1804.<\/p>\n<p>No ano de 1883, teve in\u00edcio a constru\u00e7\u00e3o do quebra-mar, armaz\u00e9ns, Pr\u00e9dio da Alf\u00e2ndega de Fortaleza. A constru\u00e7\u00e3o da Ponte Met\u00e1lica aconteceu entre 1902 e 1906. A famosa Ponte dos Ingleses foi constru\u00edda em 1921. Como o local escolhido e no qual foi constru\u00eddo mostrou-se invi\u00e1vel \u00e0s atividades portu\u00e1rias, foram feitos estudos e projetos para um novo local para o Porto de Fortaleza.<\/p>\n<p>Em 1908, uma comiss\u00e3o chefiada pelo engenheiro Manoel Carneiro de Souza Bandeira come\u00e7ou uma minuciosa e completa pesquisa na Prainha e na Enseada do Mucuripe, para levantamentos topo hidrogr\u00e1ficos e para estudo do regime dos ventos, das mar\u00e9s, das correntes e dos movimentos das areias. J\u00e1 em 1910, foi publicado relat\u00f3rio apresentando os resultados de todos os trabalhos realizados e do estudo para desenvolvimento de um projeto de melhoramento da estrutura portu\u00e1ria. Em 1929, o Departamento de Portos, Rios e Canais tinha planos de realizar estudos sobre o porto de Fortaleza.<\/p>\n<p>Get\u00falio Vargas, com o Decreto-Lei 544, de 7 de julho de 1938, decidiu sobre a localiza\u00e7\u00e3o do novo porto de Fortaleza definindo a Enseada do Mucuripe como o novo local. No ano seguinte, 1939, foi instalado o canteiro de obras para constru\u00e7\u00e3o do primeiro trecho de cais. Foram constru\u00eddos 426 metros de cais acost\u00e1vel ao Porto de Fortaleza pela Companhia Nacional de Constru\u00e7\u00f5es Civis e Hidr\u00e1ulicas.<\/p>\n<p>Em 1952, foram constru\u00eddos os armaz\u00e9ns A-1 e A-2. Em 1953, deu-se a atraca\u00e7\u00e3o do Vapor Bahia, primeiro navio a atracar no novo porto. No decorrer do ano de 1964, deu-se a constru\u00e7\u00e3o do armaz\u00e9m A-3, bem como foram iniciados os trabalhos de constru\u00e7\u00e3o da esta\u00e7\u00e3o de passageiros, do muro de fechamento e do cais 8 metros de profundidade. Em 1968, foram inaugurados o armaz\u00e9m A-4, o prolongamento do cais de 10 metros de profundidade e a esta\u00e7\u00e3o de passageiros. Na d\u00e9cada de 1980, em 1980, foi inaugurado o cais pesqueiro; em 1982, foi inaugurado o p\u00eder petroleiro do porto e, em 1984, o armaz\u00e9m A-5.<\/p>\n<h3>Porto do Mucuripe Fortaleza Terminal de Passageiros<\/h3>\n<p>No dia 16 de Junho de 2014 foi inaugurado o <em>terminal de passageiros<\/em> do porto do Mucuripe. O terminal tem capacidade para receber cerca de 4.500 passageiros por turno, para embarque ou desembarque. O novo complexo, que tem 350 metros de extens\u00e3o e 13 metros de profundidade, recebeu investimentos de R$ 205 milh\u00f5es. O valor inclui obra civil, utilidades, mobili\u00e1rio operacional, licenciamento e compensa\u00e7\u00e3o ambiental, indeniza\u00e7\u00f5es, fiscaliza\u00e7\u00e3o e aquisi\u00e7\u00e3o de equipamentos (scanner, circuito fechado de televis\u00e3o, raio X, elevador, escada rolante, defensas, entre outros). O novo terminal de passageiros de Fortaleza, que est\u00e1 previsto na Matriz de Responsabilidades para a Copa do Mundo, \u00e9 adequado para receber os principais cruzeiros do mundo. Al\u00e9m disso, o pr\u00e9dio da esta\u00e7\u00e3o de passageiros poder\u00e1 ser adaptado para a realiza\u00e7\u00e3o de eventos, como exposi\u00e7\u00f5es de arte ou lan\u00e7amentos de livro.<\/p>\n<h3>Hor\u00e1rio de Funcionamento Porto em Fortaleza<\/h3>\n<ul>\n<li>24 horas<\/li>\n<\/ul>\n<h3>Onde Fica,\u00a0Endere\u00e7o e Telefone Porto em Fortaleza<\/h3>\n<ul>\n<li>Av. Vicente de Castro &#8211; Cais do Porto &#8211; Fortaleza &#8211; CE<\/li>\n<li>Telefone: n\u00e3o informado<\/li>\n<\/ul>\n<h4>Mapa de localiza\u00e7\u00e3o<\/h4>\n<a class=\"wp-colorbox-iframe\" href=\"https:\/\/www.google.com\/maps\/embed?pb=!1m18!1m12!1m3!1d31851.417163750546!2d-38.49322408252194!3d-3.7166237769353097!2m3!1f0!2f0!3f0!3m2!1i1024!2i768!4f13.1!3m3!1m2!1s0x7c747effd0ed99f0x45d77f46d5efda9b!2sPorto+de+Fortaleza!5e0!3m2!1spt-BR!2sbr!4v1554304073193!5m2!1spt-BR!2sbr\"><img decoding=\"async\" src=\"http:\/\/www.encontracampinas.com.br\/imgs\/maps-post.png\"><\/a>\n\n<div style=\"font-size: 0px; height: 0px; line-height: 0px; margin: 0; padding: 0; clear: both;\"><\/div>","protected":false},"excerpt":{"rendered":"<p>O Porto do Mucuripe ou Porto de Fortaleza, como \u00e9 mais conhecido, \u00e9 um porto da cidade de Fortaleza. Para navega\u00e7\u00e3o atrav\u00e9s de Carta N\u00e1utica, utiliza-se a carta N\u00ba 701 elaborada pela Diretoria de Hidrografia e Navega\u00e7\u00e3o &#8211; DHN, da Marinha do Brasil. O Porto \u00e9 um dos principais portos da navega\u00e7\u00e3o de cabotagem do Brasil em movimenta\u00e7\u00e3o de cargas. Segundo muitos historiadores, a Ponta do Mucuripe teria sido o primeiro local de desembarque de europeus no atual territ\u00f3rio brasileiro. Hist\u00f3ria Porto Fortaleza A Ponta do Mucuripe \u00e9 um dos locais mais citados pelos historiadores como tendo sido o local <\/p>\n","protected":false},"author":1,"featured_media":0,"parent":0,"menu_order":0,"comment_status":"closed","ping_status":"closed","template":"","meta":{"footnotes":""},"class_list":["post-1547","page","type-page","status-publish","hentry"],"aioseo_notices":[],"_links":{"self":[{"href":"https:\/\/www.encontrafortaleza.com\/sobre\/wp-json\/wp\/v2\/pages\/1547"}],"collection":[{"href":"https:\/\/www.encontrafortaleza.com\/sobre\/wp-json\/wp\/v2\/pages"}],"about":[{"href":"https:\/\/www.encontrafortaleza.com\/sobre\/wp-json\/wp\/v2\/types\/page"}],"author":[{"embeddable":true,"href":"https:\/\/www.encontrafortaleza.com\/sobre\/wp-json\/wp\/v2\/users\/1"}],"replies":[{"embeddable":true,"href":"https:\/\/www.encontrafortaleza.com\/sobre\/wp-json\/wp\/v2\/comments?post=1547"}],"version-history":[{"count":0,"href":"https:\/\/www.encontrafortaleza.com\/sobre\/wp-json\/wp\/v2\/pages\/1547\/revisions"}],"wp:attachment":[{"href":"https:\/\/www.encontrafortaleza.com\/sobre\/wp-json\/wp\/v2\/media?parent=1547"}],"curies":[{"name":"wp","href":"https:\/\/api.w.org\/{rel}","templated":true}]}}