{"id":395,"date":"2018-08-29T09:12:19","date_gmt":"2018-08-29T12:12:19","guid":{"rendered":"http:\/\/www.encontrafortaleza.com\/sobre\/?page_id=395"},"modified":"2019-05-08T06:23:57","modified_gmt":"2019-05-08T09:23:57","slug":"canoa-quebrada-fortaleza","status":"publish","type":"page","link":"https:\/\/www.encontrafortaleza.com\/sobre\/canoa-quebrada-fortaleza\/","title":{"rendered":"Canoa Quebrada Fortaleza"},"content":{"rendered":"<div class=\"2ad529334b11458fd7d9bde3e187e581\" data-index=\"1\" style=\"float: left; margin: 5px 5px 5px 0;\">\n<!-- EBR \/Novo-Bairro-Topo\/ 300x250 -->\r\n<ins class=\"adsbygoogle\"\r\n     style=\"display:inline-block;width:300px;height:250px\"\r\n     data-ad-client=\"ca-pub-6414922941841817\"\r\n     data-ad-slot=\"5351822287\"><\/ins>\r\n<script>\r\n(adsbygoogle = window.adsbygoogle || []).push({});\r\n<\/script>\n<\/div>\n<p><strong>Canoa Quebrada Fortaleza<\/strong> est\u00e1 localizada em uma regi\u00e3o privilegiada na Am\u00e9rica do Sul, possui um clima est\u00e1vel, entre 27\u00ba e 30 \u00baC durante todo o ano. Tem sim alguns meses de chuva que alcan\u00e7a para aben\u00e7oar as praias com magn\u00edficos coqueiros, fal\u00e9sias, lagoas que nos surpreendem entre as enormes dunas de areia.<\/p>\n<p>Durante o decorrer do ano, o c\u00e9u resplandece em um azul invej\u00e1vel e seus moradores sorriem com a satisfa\u00e7\u00e3o de quem sabe ser dono de um pequeno para\u00edso.<\/p>\n<p><img loading=\"lazy\" decoding=\"async\" class=\"alignnone wp-image-396 size-full\" title=\"Canoa Quebrada Fortaleza\" src=\"http:\/\/www.encontrafortaleza.com\/sobre\/wp-content\/uploads\/2018\/08\/canoa-quebrada-fortaleza.gif\" alt=\"Canoa Quebrada Fortaleza\" width=\"680\" height=\"189\" \/><\/p>\n<p>A origem desta antiga vila de pescadores foi no ano mil seiscentos e cinquenta, localizada no munic\u00edpio de Aracati. Transformou-se num ponto tur\u00edstico em meados dos anos 70, por um grupo de hippies que se apaixonou pela beleza paradis\u00edaca e a hospitalidade dos nativos que habitavam a vila. Este cen\u00e1rio cinematogr\u00e1fico fica a apenas 165 km ao leste de Fortaleza, capital do Estado do Cear\u00e1.<\/p>\n<p>Hoje, al\u00e9m da paisagem \u00fanica e exuberante, as atra\u00e7\u00f5es mais procuradas para aproveitar o sol forte s\u00e3o os mais de 80 excelentes hot\u00e9is em Canoa Quebrada e as excurs\u00f5es pelos pontos tur\u00edsticos da regi\u00e3o e pelas praias vizinhas, entre elas se encontram: Ponta Grossa, Garganta do Diabo, Rio Jaguaribe e o Parque de Dunas e Lagoas. Reserve um dia para fazer um passeio de jangada ou \u00e0 cavalo e ficar em contato com a natureza do lugar, para os mais aventureiros tem passeios de paramente, buggy e quadriciclo. Canoa Quebrada possui caracter\u00edsticas geogr\u00e1ficas particulares.<\/p>\n<p>Al\u00e9m de ter temperatura est\u00e1vel (entre 27 e 30\u00baC) o ano todo, correntes ascendentes de ar quente, nas fal\u00e9sias, cria um ambiente ideal para pr\u00e1tica de voo com parapente e ventos vindos do leste de at\u00e9 20 n\u00f3s com \u00e1guas calmas s\u00e3o perfeitos para pr\u00e1tica e aprendizagem de Kitesurf, uma modalidade que vem crescendo rapidamente na regi\u00e3o. Se quiser levar um pedacinho de cultura brasileira voc\u00ea pode receber aulas de capoeira na sua estada em Canoa. E o mais importante! No alto da maior duna de Canoa, pode se apreciar um dos maiores espet\u00e1culos do nordeste, o P\u00f4r do sol de Canoa. Para os mais m\u00edsticos o P\u00f4r do sol visto desde a maior duna de Canoa Quebrada tem uma energia diferente aos outros locais. Depois de todo este SPA energ\u00e9tico, recupere o f\u00f4lego, porque ainda nem come\u00e7ou o que \u00e1 de mais quente no Cear\u00e1, \u201cA noite da Broadway\u201d (rua principal de Canoa Quebrada).<\/p>\n<h2>Canoa Quebrada Sorocaba Restaurantes<\/h2>\n<p>O tempero de Canoa Quebrada: Se durante o dia o prato principal gira em torno de lagostas, peixes, arraias, camar\u00f5es, ostras e caranguejos, \u00e0 noite, al\u00e9m de todos estes frutos do mar, muitas outras del\u00edcias est\u00e3o fumegando nas panelas, que em breve estar\u00e3o \u00e0 postos para o seu bel-prazer. Para isso, a Broadway ser\u00e1 quase sempre o seu destino.<\/p>\n<p>A Broadway \u00e9 a rua de Canoa Quebrada que ao mesmo tempo \u00e9 point e endere\u00e7o da maioria dos bares, boates e restaurantes do vilarejo. Para degustar as maravilhas da cozinha regional e uma carne assada que se derrete a cada garfada.<\/p>\n<p>A Broadway do Nordeste: Mas, se voc\u00ea j\u00e1 est\u00e1 mais do que alimentado e doido para cair na gandaia, n\u00e3o fuja da Broadway. O agito da rua come\u00e7a por volta das 22 h e s\u00f3 termina quando o dia j\u00e1 raiou.\u00a0 Forr\u00f3, Reggae, dance, rock e ax\u00e9 se misturam nas boates, abertas at\u00e9 \u00e0s 5 h da manh\u00e3.<\/p>\n<h3>Canoa Quebrada Fortaleza Fotos<\/h3>\n<p><img loading=\"lazy\" decoding=\"async\" class=\"alignnone wp-image-1684 size-full\" title=\"Canoa Quebrada Fortaleza Fotos\" src=\"https:\/\/www.encontrafortaleza.com\/sobre\/wp-content\/uploads\/2019\/05\/canoa-quebrada.gif\" alt=\"Canoa Quebrada Fortaleza Fotos\" width=\"535\" height=\"450\" \/><\/p>\n<h4>Mapa de localiza\u00e7\u00e3o<\/h4>\n<a class=\"wp-colorbox-iframe\" href=\"https:\/\/www.google.com\/maps\/embed?pb=!1m18!1m12!1m3!1d127276.90427987563!2d-37.75751275515775!3d-4.521142435901584!2m3!1f0!2f0!3f0!3m2!1i1024!2i768!4f13.1!3m3!1m2!1s0x7b84b18d9f06bbf0x302b4d7fee1e9009!2sPraia+de+Canoa+Quebrada!5e0!3m2!1spt-BR!2sbr!4v1535544519197\"><img decoding=\"async\" src=\"http:\/\/www.encontracampinas.com.br\/imgs\/maps-post.png\"><\/a>\n\n<div style=\"font-size: 0px; height: 0px; line-height: 0px; margin: 0; padding: 0; clear: both;\"><\/div>","protected":false},"excerpt":{"rendered":"<p>Canoa Quebrada Fortaleza est\u00e1 localizada em uma regi\u00e3o privilegiada na Am\u00e9rica do Sul, possui um clima est\u00e1vel, entre 27\u00ba e 30 \u00baC durante todo o ano. Tem sim alguns meses de chuva que alcan\u00e7a para aben\u00e7oar as praias com magn\u00edficos coqueiros, fal\u00e9sias, lagoas que nos surpreendem entre as enormes dunas de areia. Durante o decorrer do ano, o c\u00e9u resplandece em um azul invej\u00e1vel e seus moradores sorriem com a satisfa\u00e7\u00e3o de quem sabe ser dono de um pequeno para\u00edso. A origem desta antiga vila de pescadores foi no ano mil seiscentos e cinquenta, localizada no munic\u00edpio de Aracati. Transformou-se <\/p>\n","protected":false},"author":1,"featured_media":0,"parent":0,"menu_order":0,"comment_status":"closed","ping_status":"closed","template":"","meta":{"footnotes":""},"class_list":["post-395","page","type-page","status-publish","hentry"],"aioseo_notices":[],"_links":{"self":[{"href":"https:\/\/www.encontrafortaleza.com\/sobre\/wp-json\/wp\/v2\/pages\/395"}],"collection":[{"href":"https:\/\/www.encontrafortaleza.com\/sobre\/wp-json\/wp\/v2\/pages"}],"about":[{"href":"https:\/\/www.encontrafortaleza.com\/sobre\/wp-json\/wp\/v2\/types\/page"}],"author":[{"embeddable":true,"href":"https:\/\/www.encontrafortaleza.com\/sobre\/wp-json\/wp\/v2\/users\/1"}],"replies":[{"embeddable":true,"href":"https:\/\/www.encontrafortaleza.com\/sobre\/wp-json\/wp\/v2\/comments?post=395"}],"version-history":[{"count":0,"href":"https:\/\/www.encontrafortaleza.com\/sobre\/wp-json\/wp\/v2\/pages\/395\/revisions"}],"wp:attachment":[{"href":"https:\/\/www.encontrafortaleza.com\/sobre\/wp-json\/wp\/v2\/media?parent=395"}],"curies":[{"name":"wp","href":"https:\/\/api.w.org\/{rel}","templated":true}]}}