{"id":434,"date":"2018-09-03T09:28:45","date_gmt":"2018-09-03T12:28:45","guid":{"rendered":"http:\/\/www.encontrafortaleza.com\/sobre\/?page_id=434"},"modified":"2019-05-08T07:30:43","modified_gmt":"2019-05-08T10:30:43","slug":"ibc-fortaleza","status":"publish","type":"page","link":"https:\/\/www.encontrafortaleza.com\/sobre\/ibc-fortaleza\/","title":{"rendered":"IBC Fortaleza"},"content":{"rendered":"<div class=\"2ad529334b11458fd7d9bde3e187e581\" data-index=\"1\" style=\"float: left; margin: 5px 5px 5px 0;\">\n<!-- EBR \/Novo-Bairro-Topo\/ 300x250 -->\r\n<ins class=\"adsbygoogle\"\r\n     style=\"display:inline-block;width:300px;height:250px\"\r\n     data-ad-client=\"ca-pub-6414922941841817\"\r\n     data-ad-slot=\"5351822287\"><\/ins>\r\n<script>\r\n(adsbygoogle = window.adsbygoogle || []).push({});\r\n<\/script>\n<\/div>\n<p>A <strong>Igreja Batista Central de Fortaleza<\/strong> \u00e9 uma comunidade comprometida em amar a Deus, amar uns aos outros e proclamar Jesus, vivenciando relacionamentos em grupos, de casa em casa, como tamb\u00e9m nos grandes ajuntamentos de Celebra\u00e7\u00e3o.<\/p>\n<p>A IBC \u00e9 uma comunidade de disc\u00edpulos de Jesus que acredita na transforma\u00e7\u00e3o de pessoas por meio da pr\u00e1tica de princ\u00edpios b\u00edblicos. Agrega mais de 4mil pessoas de todas as idades e perfis socioecon\u00f4micos vivendo o &#8220;ser igreja&#8221; atrav\u00e9s de Grupos de Relacionamentos, uma rede de pessoas que se re\u00fane de casa em casa durante a semana.<\/p>\n<p><img loading=\"lazy\" decoding=\"async\" class=\"alignnone wp-image-435 size-full\" title=\"IBC Fortaleza\" src=\"http:\/\/www.encontrafortaleza.com\/sobre\/wp-content\/uploads\/2018\/09\/ibc-fortaleza.gif\" alt=\"IBC Fortaleza\" width=\"680\" height=\"189\" \/><\/p>\n<h2>IBC Fortaleza ao Vivo<\/h2>\n<p>Voc\u00ea pode assistir a programa\u00e7\u00e3o da IBC, acesse o site e click no link <em>ao Vivo.<\/em><\/p>\n<h3>IBC Fortaleza Programa\u00e7\u00e3o<\/h3>\n<ul>\n<li>Celebra\u00e7\u00e3o Dominical: Domingo 8h30 \/ 17h<\/li>\n<li>Sal Surfistas: Segunda \u00e0s 20h<\/li>\n<li>Celebra\u00e7\u00e3o de quarta: 19h30<\/li>\n<li>Celebrando Restaura\u00e7\u00e3o: Segunda \u00e0s 19h30<\/li>\n<li>Quinta: 19h30<\/li>\n<li>Dend\u00ea: Sexta 19h30<\/li>\n<\/ul>\n<h3>IBC Fortaleza Fotos<\/h3>\n<p><img loading=\"lazy\" decoding=\"async\" class=\"alignnone wp-image-1698 size-full\" title=\"IBC Fortaleza Fotos\" src=\"https:\/\/www.encontrafortaleza.com\/sobre\/wp-content\/uploads\/2019\/05\/ibcfotos.gif\" alt=\"IBC Fortaleza Fotos\" width=\"879\" height=\"450\" \/><\/p>\n<h3>Hor\u00e1rio de Funcionamento IBC em Fortaleza<\/h3>\n<ul>\n<li>Segunda a Sexta: das 08h \u00e0s 18h<\/li>\n<\/ul>\n<h3>Endere\u00e7o e Telefone IBC em Fortaleza<\/h3>\n<ul>\n<li>R. Cruzeiro, 401 &#8211; Ancuri &#8211; Fortaleza &#8211; CE<\/li>\n<li>Telefone: (85) 3444-3600<\/li>\n<\/ul>\n<h4>Outras informa\u00e7\u00f5es e site<\/h4>\n<ul>\n<li>Mais informa\u00e7\u00f5es:\u00a0<a href=\"http:\/\/ibc.org.br\/\" target=\"_blank\" rel=\"noopener noreferrer\">www.ibc.org.br<\/a><\/li>\n<li>E-mail: ibc@ibc.org.br<\/li>\n<\/ul>\n<h4>Mapa de localiza\u00e7\u00e3o<\/h4>\n<a class=\"wp-colorbox-iframe\" href=\"https:\/\/www.google.com\/maps\/embed?pb=!1m14!1m8!1m3!1d15922.921592016684!2d-38.5033445!3d-3.8679054!3m2!1i1024!2i768!4f13.1!3m3!1m2!1s0x00xb587f95b8390eed1!2sIgreja+Batista+Central+de+Fortaleza!5e0!3m2!1spt-BR!2sbr!4v1535977688380\"><img decoding=\"async\" src=\"http:\/\/www.encontracampinas.com.br\/imgs\/maps-post.png\"><\/a>\n\n<div style=\"font-size: 0px; height: 0px; line-height: 0px; margin: 0; padding: 0; clear: both;\"><\/div>","protected":false},"excerpt":{"rendered":"<p>A Igreja Batista Central de Fortaleza \u00e9 uma comunidade comprometida em amar a Deus, amar uns aos outros e proclamar Jesus, vivenciando relacionamentos em grupos, de casa em casa, como tamb\u00e9m nos grandes ajuntamentos de Celebra\u00e7\u00e3o. A IBC \u00e9 uma comunidade de disc\u00edpulos de Jesus que acredita na transforma\u00e7\u00e3o de pessoas por meio da pr\u00e1tica de princ\u00edpios b\u00edblicos. Agrega mais de 4mil pessoas de todas as idades e perfis socioecon\u00f4micos vivendo o &#8220;ser igreja&#8221; atrav\u00e9s de Grupos de Relacionamentos, uma rede de pessoas que se re\u00fane de casa em casa durante a semana. IBC Fortaleza ao Vivo Voc\u00ea pode assistir <\/p>\n","protected":false},"author":1,"featured_media":0,"parent":0,"menu_order":0,"comment_status":"closed","ping_status":"closed","template":"","meta":{"footnotes":""},"class_list":["post-434","page","type-page","status-publish","hentry"],"aioseo_notices":[],"_links":{"self":[{"href":"https:\/\/www.encontrafortaleza.com\/sobre\/wp-json\/wp\/v2\/pages\/434"}],"collection":[{"href":"https:\/\/www.encontrafortaleza.com\/sobre\/wp-json\/wp\/v2\/pages"}],"about":[{"href":"https:\/\/www.encontrafortaleza.com\/sobre\/wp-json\/wp\/v2\/types\/page"}],"author":[{"embeddable":true,"href":"https:\/\/www.encontrafortaleza.com\/sobre\/wp-json\/wp\/v2\/users\/1"}],"replies":[{"embeddable":true,"href":"https:\/\/www.encontrafortaleza.com\/sobre\/wp-json\/wp\/v2\/comments?post=434"}],"version-history":[{"count":0,"href":"https:\/\/www.encontrafortaleza.com\/sobre\/wp-json\/wp\/v2\/pages\/434\/revisions"}],"wp:attachment":[{"href":"https:\/\/www.encontrafortaleza.com\/sobre\/wp-json\/wp\/v2\/media?parent=434"}],"curies":[{"name":"wp","href":"https:\/\/api.w.org\/{rel}","templated":true}]}}