{"id":460,"date":"2018-09-10T10:31:05","date_gmt":"2018-09-10T13:31:05","guid":{"rendered":"http:\/\/www.encontrafortaleza.com\/sobre\/?page_id=460"},"modified":"2019-05-08T13:38:56","modified_gmt":"2019-05-08T16:38:56","slug":"senai-fortaleza","status":"publish","type":"page","link":"https:\/\/www.encontrafortaleza.com\/sobre\/senai-fortaleza\/","title":{"rendered":"Senai Fortaleza"},"content":{"rendered":"<div class=\"2ad529334b11458fd7d9bde3e187e581\" data-index=\"1\" style=\"float: left; margin: 5px 5px 5px 0;\">\n<!-- EBR \/Novo-Bairro-Topo\/ 300x250 -->\r\n<ins class=\"adsbygoogle\"\r\n     style=\"display:inline-block;width:300px;height:250px\"\r\n     data-ad-client=\"ca-pub-6414922941841817\"\r\n     data-ad-slot=\"5351822287\"><\/ins>\r\n<script>\r\n(adsbygoogle = window.adsbygoogle || []).push({});\r\n<\/script>\n<\/div>\n<p>Fundado nacionalmente em 1942, O <strong>SENAI Fortaleza<\/strong> \u00e9 fruto de estudos realizados pelo ent\u00e3o presidente da CNI, Dr. Euvaldo Lodi, pelo presidente da FIESP e pelo economista Valentim Rebou\u00e7as. A institui\u00e7\u00e3o surge como solu\u00e7\u00e3o para o ensino profissional destinado \u00e0 ind\u00fastria.<\/p>\n<p>Hoje, \u00e9 uma das mais respeitadas entidades de educa\u00e7\u00e3o profissional e inova\u00e7\u00e3o tecnol\u00f3gica do Brasil, sendo refer\u00eancia em qualidade e credibilidade.<\/p>\n<p><img loading=\"lazy\" decoding=\"async\" class=\"alignnone wp-image-1709 size-full\" title=\"Senai Fortaleza\" src=\"https:\/\/www.encontrafortaleza.com\/sobre\/wp-content\/uploads\/2019\/05\/senai-goi-1.png\" alt=\"Senai Fortaleza\" width=\"753\" height=\"212\" srcset=\"https:\/\/www.encontrafortaleza.com\/sobre\/wp-content\/uploads\/2019\/05\/senai-goi-1.png 753w, https:\/\/www.encontrafortaleza.com\/sobre\/wp-content\/uploads\/2019\/05\/senai-goi-1-300x84.png 300w\" sizes=\"(max-width: 753px) 100vw, 753px\" \/><\/p>\n<p>O Cear\u00e1 foi um dos primeiros estados a contar com um departamento regional do Senai Fortaleza, criado em 27 de novembro de 1943, onde os primeiros cursos ministrados foram de torneiro mec\u00e2nico, ajustador mec\u00e2nico, carpinteiro e desenhista t\u00e9cnico, nas instala\u00e7\u00f5es do Centro Ferrovi\u00e1rio Profissional da RVC.<\/p>\n<p>Desde a sua funda\u00e7\u00e3o, o SENAI cumpre um papel fundamental e hist\u00f3rico na forma\u00e7\u00e3o do trabalhador cearense. Afinal, atrav\u00e9s dele, v\u00e1rios profissionais da ind\u00fastria receberam uma forma\u00e7\u00e3o qualificada. O resultado foi mais desenvolvimento para o pa\u00eds, que passou a ser mais industrializado e consequentemente menos dependente de alguns pa\u00edses desenvolvidos.<\/p>\n<p>Hoje, o SENAI mant\u00e9m o papel protagonista na concep\u00e7\u00e3o de atividades que ampliem a gera\u00e7\u00e3o de emprego e renda no estado, al\u00e9m de promover a servi\u00e7os de tecnologia e inova\u00e7\u00e3o para as ind\u00fastrias.<\/p>\n<h2>Senai Fortaleza Cursos<\/h2>\n<p>O Senai oferece\u00a0<em>cursos<\/em>\u00a0nas \u00e1reas:<\/p>\n<ul>\n<li>T\u00e9cnico em administra\u00e7\u00e3o<\/li>\n<li>T\u00e9cnico em desenvolvimento de sistemas<\/li>\n<li>T\u00e9cnico em eletrot\u00e9cnica<\/li>\n<li>T\u00e9cnico em mec\u00e2nica<\/li>\n<li>T\u00e9cnico em seguran\u00e7a do trabalho<\/li>\n<li>T\u00e9cnico em administra\u00e7\u00e3o<\/li>\n<li>T\u00e9cnico em automa\u00e7\u00e3o industrial<\/li>\n<li>T\u00e9cnico em cal\u00e7ados<\/li>\n<li>T\u00e9cnico em desenvolvimento de sistemas<\/li>\n<li>T\u00e9cnico em edifica\u00e7\u00f5es<\/li>\n<\/ul>\n<h3>Cursos Gratuitos Senai Fortaleza<\/h3>\n<p>O Senai Fortaleza oferece aos interessados\u00a0bolsas de estudos. S\u00e3o elas: parciais ou integrais nos cursos de:<\/p>\n<ol>\n<li>Nos cursos de Aprendizagem Industrial e T\u00e9cnico, as bolsas s\u00e3o sempre integrais.<\/li>\n<li>No Curso Superior (Gradua\u00e7\u00e3o), podem ser concedidas bolsas parciais.<\/li>\n<li>Em cursos livres com mais de 160 horas, podem ser concedidas bolsas integrais.<\/li>\n<\/ol>\n<section id=\"requisitos\"><strong>Para se inscrever, \u00e9 preciso:<\/strong><\/p>\n<ul>\n<li>Ter 18 anos ou mais, na data de in\u00edcio do curso;<\/li>\n<li>N\u00e3o ser bolsista em outro curso no SENAI-SP;<\/li>\n<li>Atender aos requisitos para ingresso no curso escolhido.<\/li>\n<\/ul>\n<header>Ap\u00f3s a inscri\u00e7\u00e3o dos candidatos, caso o n\u00famero de inscritos supere o total de vagas, haver\u00e1 classifica\u00e7\u00e3o com base em:<\/p>\n<ul>\n<li>Situa\u00e7\u00e3o de emprego, em que ter\u00e1 prioridade o candidato desempregado;<\/li>\n<li>Grau de escolaridade, em que ter\u00e1 prioridade quem cursou, no m\u00e1ximo, o ensino m\u00e9dio. A prefer\u00eancia \u00e9 ter conclu\u00eddo o ensino m\u00e9dio, em seguida quem est\u00e1 cursando o ensino m\u00e9dio, at\u00e9 chegar \u00e0 escolaridade m\u00ednima prevista como requisito para realizar o curso;<\/li>\n<li>Renda, em que ter\u00e1 prioridade os de menor renda per capita. A renda per capita \u00e9 calculada a partir dos rendimentos e do n\u00famero de pessoas da fam\u00edlia, que moram com o candidato;<\/li>\n<\/ul>\n<\/header>\n<\/section>\n<h3>Hor\u00e1rio de Funcionamento Senai em Fortaleza<\/h3>\n<ul>\n<li><strong>Jacarenga:<\/strong> Segunda a S\u00e1bado: das 08h \u00e0s 21h \/ S\u00e1bado das 08h \u00e0s 12h<\/li>\n<li><strong>Barra do Cear\u00e1:<\/strong> Segunda a S\u00e1bado: das 07h30 \u00e0s 21h<\/li>\n<li><strong>Porangaba:<\/strong> Segunda a Sexta: das 07h30 \u00e0s 21h<\/li>\n<li><strong>Joaquim T\u00e1vora:\u00a0<\/strong>Segunda a Sexta: das 07h30 \u00e0s 21h<\/li>\n<li><strong>Aldeota:\u00a0<\/strong>Segunda a Quinta: das 08h \u00e0s 18h \/ Sexta das 08h \u00e0s 17h<\/li>\n<\/ul>\n<h3>Endere\u00e7o e Telefone Senai em Fortaleza<\/h3>\n<ul>\n<li><strong>Jacarenga:<\/strong> R. Padre Ibiapina, 1280 &#8211; Telefone: (85) 4009-6300<\/li>\n<li><strong>Barra do Cear\u00e1:\u00a0<span class=\"w8qArf\">\u00a0<\/span><\/strong><span class=\"LrzXr\">Av. Francisco S\u00e1, 7221 &#8211; Telefone:\u00a0(85) 3421-5500<\/span><\/li>\n<li><strong>Porangaba:\u00a0<\/strong>Av. Jo\u00e3o Pessoa, 6760 &#8211; Telefone:\u00a0(85) 4009-6300<\/li>\n<li><strong>Joaquim T\u00e1vora:\u00a0<\/strong>Rua Padre Antonino, 18 &#8211; Telefone:\u00a0(85) 3023-5209<\/li>\n<li><strong>Aldeota:<\/strong>\u00a0Av. Barao de Studart, 1980 &#8211; Telefone:\u00a0(85) 4009-6300<\/li>\n<\/ul>\n<h4>Outras informa\u00e7\u00f5es e site<\/h4>\n<ul>\n<li>Mais informa\u00e7\u00f5es:\u00a0<a href=\"https:\/\/www.senai-ce.org.br\/\" target=\"_blank\" rel=\"noopener noreferrer\">www.senai-ce.org.br<\/a><\/li>\n<\/ul>\n<h4>Mapa de localiza\u00e7\u00e3o Aldeota<\/h4>\n<a class=\"wp-colorbox-iframe\" href=\"https:\/\/www.google.com\/maps\/embed?pb=!1m18!1m12!1m3!1d3981.3175688789956!2d-38.51103358524105!3d-3.7408204972783956!2m3!1f0!2f0!3f0!3m2!1i1024!2i768!4f13.1!3m3!1m2!1s0x7c748f3aa09adf30x7416a544aedf29fc!2sCondomnio+do+Edifcio+Casa+da+Indstria+-+Av.+Baro+de+Studart+1980+-+Aldeota+Fortaleza+-+CE+60115-060!5e0!3m2!1spt-BR!2sbr!4v1536586204436\"><img decoding=\"async\" src=\"http:\/\/www.encontracampinas.com.br\/imgs\/maps-post.png\"><\/a>\n\n<div style=\"font-size: 0px; height: 0px; line-height: 0px; margin: 0; padding: 0; clear: both;\"><\/div>","protected":false},"excerpt":{"rendered":"<p>Fundado nacionalmente em 1942, O SENAI Fortaleza \u00e9 fruto de estudos realizados pelo ent\u00e3o presidente da CNI, Dr. Euvaldo Lodi, pelo presidente da FIESP e pelo economista Valentim Rebou\u00e7as. A institui\u00e7\u00e3o surge como solu\u00e7\u00e3o para o ensino profissional destinado \u00e0 ind\u00fastria. Hoje, \u00e9 uma das mais respeitadas entidades de educa\u00e7\u00e3o profissional e inova\u00e7\u00e3o tecnol\u00f3gica do Brasil, sendo refer\u00eancia em qualidade e credibilidade. O Cear\u00e1 foi um dos primeiros estados a contar com um departamento regional do Senai Fortaleza, criado em 27 de novembro de 1943, onde os primeiros cursos ministrados foram de torneiro mec\u00e2nico, ajustador mec\u00e2nico, carpinteiro e desenhista t\u00e9cnico, <\/p>\n","protected":false},"author":1,"featured_media":0,"parent":0,"menu_order":0,"comment_status":"closed","ping_status":"closed","template":"","meta":{"footnotes":""},"class_list":["post-460","page","type-page","status-publish","hentry"],"aioseo_notices":[],"_links":{"self":[{"href":"https:\/\/www.encontrafortaleza.com\/sobre\/wp-json\/wp\/v2\/pages\/460"}],"collection":[{"href":"https:\/\/www.encontrafortaleza.com\/sobre\/wp-json\/wp\/v2\/pages"}],"about":[{"href":"https:\/\/www.encontrafortaleza.com\/sobre\/wp-json\/wp\/v2\/types\/page"}],"author":[{"embeddable":true,"href":"https:\/\/www.encontrafortaleza.com\/sobre\/wp-json\/wp\/v2\/users\/1"}],"replies":[{"embeddable":true,"href":"https:\/\/www.encontrafortaleza.com\/sobre\/wp-json\/wp\/v2\/comments?post=460"}],"version-history":[{"count":0,"href":"https:\/\/www.encontrafortaleza.com\/sobre\/wp-json\/wp\/v2\/pages\/460\/revisions"}],"wp:attachment":[{"href":"https:\/\/www.encontrafortaleza.com\/sobre\/wp-json\/wp\/v2\/media?parent=460"}],"curies":[{"name":"wp","href":"https:\/\/api.w.org\/{rel}","templated":true}]}}