{"id":488,"date":"2018-09-14T05:06:27","date_gmt":"2018-09-14T08:06:27","guid":{"rendered":"http:\/\/www.encontrafortaleza.com\/sobre\/?page_id=488"},"modified":"2019-05-08T15:03:25","modified_gmt":"2019-05-08T18:03:25","slug":"caixa-cultural-fortaleza","status":"publish","type":"page","link":"https:\/\/www.encontrafortaleza.com\/sobre\/caixa-cultural-fortaleza\/","title":{"rendered":"Caixa Cultural Fortaleza"},"content":{"rendered":"<div class=\"2ad529334b11458fd7d9bde3e187e581\" data-index=\"1\" style=\"float: left; margin: 5px 5px 5px 0;\">\n<!-- EBR \/Novo-Bairro-Topo\/ 300x250 -->\r\n<ins class=\"adsbygoogle\"\r\n     style=\"display:inline-block;width:300px;height:250px\"\r\n     data-ad-client=\"ca-pub-6414922941841817\"\r\n     data-ad-slot=\"5351822287\"><\/ins>\r\n<script>\r\n(adsbygoogle = window.adsbygoogle || []).push({});\r\n<\/script>\n<\/div>\n<p>Rica e diversificada, a cultura brasileira \u00e9 fruto do grande potencial humano e est\u00e9tico de nosso povo, refletindo o sincretismo, as tradi\u00e7\u00f5es e os valores de todas as regi\u00f5es. Ciente dessa realidade, a Caixa mant\u00e9m um di\u00e1logo constante com as nossas ra\u00edzes culturais, fomentando a diversidade e patrocinando a realiza\u00e7\u00e3o de eventos em seus espa\u00e7os, como espet\u00e1culos de m\u00fasica, teatro, dan\u00e7a, exposi\u00e7\u00f5es de artes visuais, dentre outros.<\/p>\n<p>A Caixa Cultural Fortaleza busca trazer ao universo cultural alunos de escolas p\u00fablicas, pessoas da terceira idade e com necessidades especiais por meio do programa de arte-educa\u00e7\u00e3o Gente Arteira.<\/p>\n<p><img loading=\"lazy\" decoding=\"async\" class=\"alignnone wp-image-489 size-full\" title=\"Caixa Cultural Fortaleza\" src=\"http:\/\/www.encontrafortaleza.com\/sobre\/wp-content\/uploads\/2018\/09\/caixa-cultural-fortaleza.gif\" alt=\"Caixa Cultural Fortaleza\" width=\"680\" height=\"189\" \/><\/p>\n<p>Com uma programa\u00e7\u00e3o plural e de qualidade, gratuita ou a pre\u00e7os acess\u00edveis, a Caixa proporciona aos brasileiros o acesso a uma diversidade de manifesta\u00e7\u00f5es da arte e da cultura nacionais, e tamb\u00e9m estimula o interc\u00e2mbio cultural e a troca de experi\u00eancias, patrocinando eventos de artistas de outros pa\u00edses.<\/p>\n<p>Diante da tarefa t\u00e3o desafiadora de disseminar a cultura em todos os cantos do pa\u00eds, a Caixa instalou unidades da Caixa Cultural em sete capitais: Bras\u00edlia, Curitiba, Fortaleza, Recife, Rio de Janeiro, Salvador e S\u00e3o Paulo.<\/p>\n<p>Tudo isto mostra a determina\u00e7\u00e3o da Caixa em investir em cultura e difundir o trabalho dos artistas brasileiros, priorizando sempre o que h\u00e1 de mais genu\u00edno nas produ\u00e7\u00f5es nacionais.<\/p>\n<h2>Caixa Cultural Fortaleza Programa\u00e7\u00e3o<\/h2>\n<p>Acesse o site e fique por dentro da <em>programa\u00e7\u00e3o<\/em> da Caixa Cultural.<\/p>\n<h3>Caixa Cultural Fortaleza Espa\u00e7os<\/h3>\n<p>A Caixa Cultural disp\u00f5e de v\u00e1rios<em> espa\u00e7os<\/em> para apresenta\u00e7\u00e3o de teatro, m\u00fasica, dan\u00e7a, cinema, exposi\u00e7\u00f5es e atividades de arte-educa\u00e7\u00e3o. Conhe\u00e7a cada um dos espa\u00e7os desta unidade.<\/p>\n<h3>Vagas Caixa Cultural Fortaleza &#8211; Trabalhe Conosco<\/h3>\n<p>A Caixa Cultural Fortaleza disponibiliza<em> vagas de trabalho<\/em> durante todo ano. Para se informar sobre os processos seletivos e se candidatar as vagas acompanhe o site da empresa, onde \u00e9 poss\u00edvel se informar sobre vagas abertas, sal\u00e1rios e compet\u00eancias necess\u00e1rias para se candidatar ao processo.<\/p>\n<h3>Hor\u00e1rio de Funcionamento Caixa Cultural em Fortaleza<\/h3>\n<ul>\n<li>Ter\u00e7a a S\u00e1bado: das 10h \u00e0s 20h \/ Domingo das 12h \u00e0s 19h<\/li>\n<\/ul>\n<h3>Endere\u00e7o e Telefone Caixa Cultural em Fortaleza<\/h3>\n<ul>\n<li>Av. Pessoa Anta, 287 &#8211; Praia de Iracema &#8211; Fortaleza &#8211; CE<\/li>\n<li>Telefone: (85) 3453-2770<\/li>\n<\/ul>\n<h4>Outras informa\u00e7\u00f5es e site<\/h4>\n<ul>\n<li>Mais informa\u00e7\u00f5es:\u00a0<a href=\"http:\/\/www.caixacultural.com.br\/SitePages\/home-principal.aspx\" target=\"_blank\" rel=\"noopener noreferrer\">www.caixacultural.com.br<\/a><\/li>\n<\/ul>\n<h4>Mapa de localiza\u00e7\u00e3o<\/h4>\n<a class=\"wp-colorbox-iframe\" href=\"https:\/\/www.google.com\/maps\/embed?pb=!1m14!1m8!1m3!1d15925.634339213882!2d-38.5203502!3d-3.7207334!3m2!1i1024!2i768!4f13.1!3m3!1m2!1s0x00x27ac4681202f14b7!2sCaixa+Cultural+Fortaleza!5e0!3m2!1spt-BR!2sbr!4v1536912199978\"><img decoding=\"async\" src=\"http:\/\/www.encontracampinas.com.br\/imgs\/maps-post.png\"><\/a>\n\n<div style=\"font-size: 0px; height: 0px; line-height: 0px; margin: 0; padding: 0; clear: both;\"><\/div>","protected":false},"excerpt":{"rendered":"<p>Rica e diversificada, a cultura brasileira \u00e9 fruto do grande potencial humano e est\u00e9tico de nosso povo, refletindo o sincretismo, as tradi\u00e7\u00f5es e os valores de todas as regi\u00f5es. Ciente dessa realidade, a Caixa mant\u00e9m um di\u00e1logo constante com as nossas ra\u00edzes culturais, fomentando a diversidade e patrocinando a realiza\u00e7\u00e3o de eventos em seus espa\u00e7os, como espet\u00e1culos de m\u00fasica, teatro, dan\u00e7a, exposi\u00e7\u00f5es de artes visuais, dentre outros. A Caixa Cultural Fortaleza busca trazer ao universo cultural alunos de escolas p\u00fablicas, pessoas da terceira idade e com necessidades especiais por meio do programa de arte-educa\u00e7\u00e3o Gente Arteira. Com uma programa\u00e7\u00e3o plural <\/p>\n","protected":false},"author":1,"featured_media":0,"parent":0,"menu_order":0,"comment_status":"closed","ping_status":"closed","template":"","meta":{"footnotes":""},"class_list":["post-488","page","type-page","status-publish","hentry"],"aioseo_notices":[],"_links":{"self":[{"href":"https:\/\/www.encontrafortaleza.com\/sobre\/wp-json\/wp\/v2\/pages\/488"}],"collection":[{"href":"https:\/\/www.encontrafortaleza.com\/sobre\/wp-json\/wp\/v2\/pages"}],"about":[{"href":"https:\/\/www.encontrafortaleza.com\/sobre\/wp-json\/wp\/v2\/types\/page"}],"author":[{"embeddable":true,"href":"https:\/\/www.encontrafortaleza.com\/sobre\/wp-json\/wp\/v2\/users\/1"}],"replies":[{"embeddable":true,"href":"https:\/\/www.encontrafortaleza.com\/sobre\/wp-json\/wp\/v2\/comments?post=488"}],"version-history":[{"count":0,"href":"https:\/\/www.encontrafortaleza.com\/sobre\/wp-json\/wp\/v2\/pages\/488\/revisions"}],"wp:attachment":[{"href":"https:\/\/www.encontrafortaleza.com\/sobre\/wp-json\/wp\/v2\/media?parent=488"}],"curies":[{"name":"wp","href":"https:\/\/api.w.org\/{rel}","templated":true}]}}