{"id":592,"date":"2018-09-28T05:50:02","date_gmt":"2018-09-28T08:50:02","guid":{"rendered":"http:\/\/www.encontrafortaleza.com\/sobre\/?page_id=592"},"modified":"2019-05-20T13:24:46","modified_gmt":"2019-05-20T16:24:46","slug":"aguas-belas-fortaleza","status":"publish","type":"page","link":"https:\/\/www.encontrafortaleza.com\/sobre\/aguas-belas-fortaleza\/","title":{"rendered":"\u00c1guas Belas Fortaleza"},"content":{"rendered":"<div class=\"2ad529334b11458fd7d9bde3e187e581\" data-index=\"1\" style=\"float: left; margin: 5px 5px 5px 0;\">\n<!-- EBR \/Novo-Bairro-Topo\/ 300x250 -->\r\n<ins class=\"adsbygoogle\"\r\n     style=\"display:inline-block;width:300px;height:250px\"\r\n     data-ad-client=\"ca-pub-6414922941841817\"\r\n     data-ad-slot=\"5351822287\"><\/ins>\r\n<script>\r\n(adsbygoogle = window.adsbygoogle || []).push({});\r\n<\/script>\n<\/div>\n<p>A\u00a0<b>Praia de \u00c1guas Belas Fortaleza <\/b>\u00e9\u00a0 famosa pelo encontro do Rio Mal Cozinhado com o Oceano Atl\u00e2ntico, onde se formam piscinas naturais. \u00c1guas Belas, embora reduzida geograficamente, se apresenta aos olhos de quem visita com um cen\u00e1rio maravilhoso.<\/p>\n<p>A Praia de \u00c1guas Belas est\u00e1 localizada no Litoral Leste, situada no munic\u00edpio de Cascavel, a 60km de Fortaleza. Famosa pelo encontro do Rio Mal Cozinhado com o Oceano Atl\u00e2ntico, onde se formam piscinas naturais.<\/p>\n<p><img loading=\"lazy\" decoding=\"async\" class=\"alignnone wp-image-593 size-full\" title=\"\u00c1guas Belas Fortaleza\" src=\"http:\/\/www.encontrafortaleza.com\/sobre\/wp-content\/uploads\/2018\/09\/aguas-belas-fortaleza.gif\" alt=\"\u00c1guas Belas Fortaleza\" width=\"680\" height=\"189\" \/><\/p>\n<p>\u00c1guas Belas, embora reduzida geograficamente, se apresenta aos olhos de quem visita com um cen\u00e1rio maravilhoso. Dunas, fal\u00e9sias avermelhadas e vilarejos perdidos na paisagem, embelezam ainda mais o visual. Foram agregadas estruturas para recep\u00e7\u00e3o e barracas \u00e0 beira mar para a comodidade dos visitantes. Oferecendo tamb\u00e9m como divers\u00e3o passeios opcionais de buggy.<\/p>\n<p>Um para\u00edso ainda pouco explorado, \u00c1guas Belas est\u00e1 a cerca de uma hora de viagem de Fortaleza, situado na cidade de Cascavel. Sem d\u00favida a principal atra\u00e7\u00e3o desta praia \u00e9 o encontro do Oceano Atl\u00e2ntico com o Rio Mal Cozinhado. O mar de \u00e1guas cristalinas e quentinhas se junta ao rio com \u00e1guas mais frias \u2013 que ajuda a refrescar os calorosos dias cearenses. Aproveite para se banhar nas piscinas naturais que se formam em \u00c1guas Belas.<\/p>\n<h4>Mapa de localiza\u00e7\u00e3o<\/h4>\n<a class=\"wp-colorbox-iframe\" href=\"https:\/\/www.google.com\/maps\/embed?pb=!1m18!1m12!1m3!1d15919.439694996949!2d-38.195641723191756!3d-4.048984852889918!2m3!1f0!2f0!3f0!3m2!1i1024!2i768!4f13.1!3m3!1m2!1s0x7b89b706573013b0xb877708f8c6628c1!2sPraia+de+guas+Belas+-+CE!5e0!3m2!1spt-BR!2sbr!4v1538124441755\"><img decoding=\"async\" src=\"http:\/\/www.encontracampinas.com.br\/imgs\/maps-post.png\"><\/a>\n\n<div style=\"font-size: 0px; height: 0px; line-height: 0px; margin: 0; padding: 0; clear: both;\"><\/div>","protected":false},"excerpt":{"rendered":"<p>A\u00a0Praia de \u00c1guas Belas Fortaleza \u00e9\u00a0 famosa pelo encontro do Rio Mal Cozinhado com o Oceano Atl\u00e2ntico, onde se formam piscinas naturais. \u00c1guas Belas, embora reduzida geograficamente, se apresenta aos olhos de quem visita com um cen\u00e1rio maravilhoso. A Praia de \u00c1guas Belas est\u00e1 localizada no Litoral Leste, situada no munic\u00edpio de Cascavel, a 60km de Fortaleza. Famosa pelo encontro do Rio Mal Cozinhado com o Oceano Atl\u00e2ntico, onde se formam piscinas naturais. \u00c1guas Belas, embora reduzida geograficamente, se apresenta aos olhos de quem visita com um cen\u00e1rio maravilhoso. Dunas, fal\u00e9sias avermelhadas e vilarejos perdidos na paisagem, embelezam ainda mais <\/p>\n","protected":false},"author":1,"featured_media":0,"parent":0,"menu_order":0,"comment_status":"closed","ping_status":"closed","template":"","meta":{"footnotes":""},"class_list":["post-592","page","type-page","status-publish","hentry"],"aioseo_notices":[],"_links":{"self":[{"href":"https:\/\/www.encontrafortaleza.com\/sobre\/wp-json\/wp\/v2\/pages\/592"}],"collection":[{"href":"https:\/\/www.encontrafortaleza.com\/sobre\/wp-json\/wp\/v2\/pages"}],"about":[{"href":"https:\/\/www.encontrafortaleza.com\/sobre\/wp-json\/wp\/v2\/types\/page"}],"author":[{"embeddable":true,"href":"https:\/\/www.encontrafortaleza.com\/sobre\/wp-json\/wp\/v2\/users\/1"}],"replies":[{"embeddable":true,"href":"https:\/\/www.encontrafortaleza.com\/sobre\/wp-json\/wp\/v2\/comments?post=592"}],"version-history":[{"count":0,"href":"https:\/\/www.encontrafortaleza.com\/sobre\/wp-json\/wp\/v2\/pages\/592\/revisions"}],"wp:attachment":[{"href":"https:\/\/www.encontrafortaleza.com\/sobre\/wp-json\/wp\/v2\/media?parent=592"}],"curies":[{"name":"wp","href":"https:\/\/api.w.org\/{rel}","templated":true}]}}