{"id":615,"date":"2018-09-28T11:38:51","date_gmt":"2018-09-28T14:38:51","guid":{"rendered":"http:\/\/www.encontrafortaleza.com\/sobre\/?page_id=615"},"modified":"2019-05-23T14:14:54","modified_gmt":"2019-05-23T17:14:54","slug":"catedral-metropolitana-de-fortaleza","status":"publish","type":"page","link":"https:\/\/www.encontrafortaleza.com\/sobre\/catedral-metropolitana-de-fortaleza\/","title":{"rendered":"Catedral Metropolitana de Fortaleza"},"content":{"rendered":"<div class=\"2ad529334b11458fd7d9bde3e187e581\" data-index=\"1\" style=\"float: left; margin: 5px 5px 5px 0;\">\n<!-- EBR \/Novo-Bairro-Topo\/ 300x250 -->\r\n<ins class=\"adsbygoogle\"\r\n     style=\"display:inline-block;width:300px;height:250px\"\r\n     data-ad-client=\"ca-pub-6414922941841817\"\r\n     data-ad-slot=\"5351822287\"><\/ins>\r\n<script>\r\n(adsbygoogle = window.adsbygoogle || []).push({});\r\n<\/script>\n<\/div>\n<p>A\u00a0<b>Catedral Metropolitana de Fortaleza<\/b> \u00e9 um templo cat\u00f3lico e monumento hist\u00f3rico, sede da Arquidiocese de Fortaleza, em Fortaleza, Cear\u00e1, Brasil. Foi constru\u00edda no local da antiga Igreja da S\u00e9.<\/p>\n<p>A obra demorou quarenta anos para ser conclu\u00edda, tendo sido iniciada em 1938 e inaugurada em 1978. Tem capacidade para 5 000 pessoas e suas torres chegam a 75 metros de altura. Ocupando a maior parte da Pra\u00e7a Pedro II, tamb\u00e9m conhecida como Pra\u00e7a da S\u00e9, no centro hist\u00f3rico de Fortaleza, o templo se destaca pela impon\u00eancia arquitet\u00f4nica e a beleza dos vitrais.<\/p>\n<p><img loading=\"lazy\" decoding=\"async\" class=\"alignnone wp-image-616 size-full\" title=\"Catedral Metropolitana de Fortaleza\" src=\"http:\/\/www.encontrafortaleza.com\/sobre\/wp-content\/uploads\/2018\/09\/catedral-metropolitana-fortaleza.gif\" alt=\"Catedral Metropolitana de Fortaleza\" width=\"680\" height=\"189\" \/><\/p>\n<p>O arquiteto franc\u00eas George Maunier assinou o projeto de estilo\u00a0ecl\u00e9tico, com predomin\u00e2ncia de elementos\u00a0neog\u00f3ticos\u00a0e\u00a0rom\u00e2nicos\u00a0e com refer\u00eancias \u00e0\u00a0Catedral de Col\u00f4nia\u00a0e \u00e0\u00a0Catedral de Chartres.\u00a0S\u00e3o Jos\u00e9\u00a0\u00e9 o santo vinculado \u00e0 catedral.<\/p>\n<h2>Catedral Metropolitana de Fortaleza Pastorais<\/h2>\n<p>Diversas pastorais possuem coordena\u00e7\u00e3o ou articula\u00e7\u00e3o arquidiocesana, mas a metodologia \u00e9 que essas coordena\u00e7\u00f5es arquidiocesanas se fa\u00e7am sempre a partir das Regi\u00f5es Episcopais. Possuem coordena\u00e7\u00e3o arquidiocesana: Campanhas, Conselho de Leigos, Conselho Mission\u00e1rio Arquidiocesano, Pastoral do D\u00edzimo, de Catequese, de Comunica\u00e7\u00e3o, Familiar, Vocacional, Lit\u00fargica, do Setor Juventude, das Comunidades Eclesiais de Base \u2013 CEBs e Grito dos Exclu\u00eddos.<\/p>\n<p>Os organismos de a\u00e7\u00e3o social, as pastorais sociais e as comunidades eclesiais de base t\u00eam uma equipe de articula\u00e7\u00e3o arquidiocesana, escolhida em assembl\u00e9ia a cada dois anos.<\/p>\n<p>A articula\u00e7\u00e3o das Pastorais Sociais, CEBs e Organismos envolve:<\/p>\n<p>Pastoral Afro, Pastoral Carcer\u00e1ria, Pastoral da Aids, Pastoral da Crian\u00e7a, Pastoral da Juventude do Meio Popular, Pastoral da Juventude, Pastoral da Mulher Marginalizada, Pastoral da Pessoa Idosa, Pastoral da Terra (CPT), Pastoral da Sa\u00fade, Pastoral da Sobriedade, Pastoral do Menor, Pastoral do Migrante, Pastoral do Povo da Rua, Pastoral dos Pescadores, Pastoral dos Surdos, Pastoral Oper\u00e1ria, Caritas Arquidiocesana, Centro de Defesa e Promo\u00e7\u00e3o dos Direitos Humanos, Curso de Ver\u00e3o na Terra do Sol, Grito dos Exclu\u00eddos e a coordena\u00e7\u00e3o arquidiocesana das CEBs.<\/p>\n<h3>Hor\u00e1rio de Funcionamento Catedral Metropolitana em Fortaleza<\/h3>\n<ul>\n<li>Segunda a Sexta das\u00a08h \u00e0s 12h e 13h \u00e0s 17h \/ S\u00e1bado das\u00a08h \u00e0s 12h.<\/li>\n<\/ul>\n<h3>Endere\u00e7o e Telefone Catedral Metropolitana em Fortaleza<\/h3>\n<ul>\n<li>Pra\u00e7a da S\u00e9, s\/n &#8211; Centro &#8211; Fortaleza &#8211; CE<\/li>\n<li>Telefone: (85) 3231-4196<\/li>\n<\/ul>\n<h4>Outras informa\u00e7\u00f5es e site<\/h4>\n<ul>\n<li>Mais informa\u00e7\u00f5es:\u00a0<a href=\"http:\/\/www.arquidiocesedefortaleza.org.br\/regioes\/regiao-metropolitana-sao-jose\/paroquias-da-regiao-sao-jose\/paroquia-sao-jose-catedral-metropolitna\/\" target=\"_blank\" rel=\"noopener noreferrer\">www.arquidiocesedefortaleza.org.br\/catedral-metropolitna<\/a><\/li>\n<\/ul>\n<h4>Mapa de localiza\u00e7\u00e3o<\/h4>\n<a class=\"wp-colorbox-iframe\" href=\"https:\/\/www.google.com\/maps\/embed?pb=!1m18!1m12!1m3!1d3981.390596387858!2d-38.52660968524113!3d-3.7247119972900573!2m3!1f0!2f0!3f0!3m2!1i1024!2i768!4f13.1!3m3!1m2!1s0x7c7484d12345de30x4ff73aa24da81021!2sCatedral+Metropolitana+de+Fortaleza!5e0!3m2!1spt-BR!2sbr!4v1538145291621\"><img decoding=\"async\" src=\"http:\/\/www.encontracampinas.com.br\/imgs\/maps-post.png\"><\/a>\n\n<div style=\"font-size: 0px; height: 0px; line-height: 0px; margin: 0; padding: 0; clear: both;\"><\/div>","protected":false},"excerpt":{"rendered":"<p>A\u00a0Catedral Metropolitana de Fortaleza \u00e9 um templo cat\u00f3lico e monumento hist\u00f3rico, sede da Arquidiocese de Fortaleza, em Fortaleza, Cear\u00e1, Brasil. Foi constru\u00edda no local da antiga Igreja da S\u00e9. A obra demorou quarenta anos para ser conclu\u00edda, tendo sido iniciada em 1938 e inaugurada em 1978. Tem capacidade para 5 000 pessoas e suas torres chegam a 75 metros de altura. Ocupando a maior parte da Pra\u00e7a Pedro II, tamb\u00e9m conhecida como Pra\u00e7a da S\u00e9, no centro hist\u00f3rico de Fortaleza, o templo se destaca pela impon\u00eancia arquitet\u00f4nica e a beleza dos vitrais. O arquiteto franc\u00eas George Maunier assinou o projeto <\/p>\n","protected":false},"author":1,"featured_media":0,"parent":0,"menu_order":0,"comment_status":"closed","ping_status":"closed","template":"","meta":{"footnotes":""},"class_list":["post-615","page","type-page","status-publish","hentry"],"aioseo_notices":[],"_links":{"self":[{"href":"https:\/\/www.encontrafortaleza.com\/sobre\/wp-json\/wp\/v2\/pages\/615"}],"collection":[{"href":"https:\/\/www.encontrafortaleza.com\/sobre\/wp-json\/wp\/v2\/pages"}],"about":[{"href":"https:\/\/www.encontrafortaleza.com\/sobre\/wp-json\/wp\/v2\/types\/page"}],"author":[{"embeddable":true,"href":"https:\/\/www.encontrafortaleza.com\/sobre\/wp-json\/wp\/v2\/users\/1"}],"replies":[{"embeddable":true,"href":"https:\/\/www.encontrafortaleza.com\/sobre\/wp-json\/wp\/v2\/comments?post=615"}],"version-history":[{"count":0,"href":"https:\/\/www.encontrafortaleza.com\/sobre\/wp-json\/wp\/v2\/pages\/615\/revisions"}],"wp:attachment":[{"href":"https:\/\/www.encontrafortaleza.com\/sobre\/wp-json\/wp\/v2\/media?parent=615"}],"curies":[{"name":"wp","href":"https:\/\/api.w.org\/{rel}","templated":true}]}}