{"id":625,"date":"2018-09-30T06:51:07","date_gmt":"2018-09-30T09:51:07","guid":{"rendered":"http:\/\/www.encontrafortaleza.com\/sobre\/?page_id=625"},"modified":"2019-05-27T14:37:37","modified_gmt":"2019-05-27T17:37:37","slug":"santa-casa-fortaleza","status":"publish","type":"page","link":"https:\/\/www.encontrafortaleza.com\/sobre\/santa-casa-fortaleza\/","title":{"rendered":"Santa Casa Fortaleza"},"content":{"rendered":"<div class=\"2ad529334b11458fd7d9bde3e187e581\" data-index=\"1\" style=\"float: left; margin: 5px 5px 5px 0;\">\n<!-- EBR \/Novo-Bairro-Topo\/ 300x250 -->\r\n<ins class=\"adsbygoogle\"\r\n     style=\"display:inline-block;width:300px;height:250px\"\r\n     data-ad-client=\"ca-pub-6414922941841817\"\r\n     data-ad-slot=\"5351822287\"><\/ins>\r\n<script>\r\n(adsbygoogle = window.adsbygoogle || []).push({});\r\n<\/script>\n<\/div>\n<p>A\u00a0<b>Santa Casa da Miseric\u00f3rdia de Fortaleza<\/b>\u00a0\u00e9 um\u00a0hospital\u00a0da cidade de\u00a0Fortaleza. \u00c9 o primeiro hospital da cidade e foi constru\u00eddo inicialmente com recursos p\u00fablicos fornecidos \u00e0 prov\u00edncia para resolver os problemas decorrentes da \u00faltima epidemia de\u00a0febre amarela.<\/p>\n<p><sup id=\"cite_ref-150anos_1-0\" class=\"reference\"><\/sup>O hospital foi inaugurado em\u00a01861, a princ\u00edpio com 80 leitos, tinha como mantenedora a\u00a0Irmandade\u00a0Beneficente da\u00a0Santa Casa da Miseric\u00f3rdia\u00a0de Fortaleza.\u00a0\u00a0O Dr. Joaquim Ant\u00f4nio Ribeiro foi o primeiro m\u00e9dico nomeado para trabalhar na Santa Casa, em\u00a012 de mar\u00e7o\u00a0de 1861. Formado em medicina pela\u00a0Universidade de Harvard\u00a0em\u00a01853.<\/p>\n<p><img loading=\"lazy\" decoding=\"async\" class=\"alignnone wp-image-626 size-full\" title=\"Santa Casa Fortaleza\" src=\"http:\/\/www.encontrafortaleza.com\/sobre\/wp-content\/uploads\/2018\/09\/santa-casa-fortaleza.gif\" alt=\"Santa Casa Fortaleza\" width=\"680\" height=\"189\" \/><\/p>\n<p>No come\u00e7o do s\u00e9culo XX a Santa Casa de Fortaleza enfrentou a grande calamidade p\u00fablica que foi a\u00a0seca\u00a0de\u00a01915\u00a0que passou a atender uma grande massa de retirantes sofrendo das mazelas da seca. Dez anos depois da grande seca, a Santa Casa passou a se firmar como um hospital de alta tecnologia ao ser o primeiro no estado a introduzir o servi\u00e7o de radiologia ao inaugurar no dia\u00a029 de junho\u00a0de\u00a01925\u00a0aparelho de\u00a0Raios X.<\/p>\n<p>Em\u00a01961, a Santa Casa de Fortaleza completou 100 anos e contava ent\u00e3o com 300 leitos tornando-se ent\u00e3o um hospital de grande porte. Na\u00a0d\u00e9cada de 1970\u00a0passou por modifica\u00e7\u00f5es em seus estatutos quando foi desligado da\u00a0Arquidiocese de Fortaleza. Em mar\u00e7o de\u00a01971\u00a0foi inaugurado um centro cir\u00fargico que em pouco tempo fez com que fosse o hospital a realizar o maior n\u00famero de cirurgias em todo o Cear\u00e1.\u00a0Nos anos 80 a Santa Casa passou a integrar um modelo de atendimento m\u00e9dico baseado no\u00a0Sistema \u00danico de Sa\u00fade\u00a0\u2013 SUS, al\u00e9m de contar com doa\u00e7\u00f5es que chegam a 30% da arrecada\u00e7\u00e3o mensal.<sup id=\"cite_ref-150anos_1-2\" class=\"reference\"><\/sup><\/p>\n<p>Em 2009 contava com 403 leitos, 280 dos quais credenciados ao SUS, realizando atendimento de emerg\u00eancia a cerca de 8 mil pessoas por m\u00eas.\u00a0<sup id=\"cite_ref-2\" class=\"reference\"><\/sup>Hoje o pr\u00e9dio onde se situa est\u00e1 tombado pelo Patrim\u00f4nio Hist\u00f3rico e Cultural de Fortaleza<\/p>\n<h2>Santa Casa Fortaleza Corpo Cl\u00ednico<\/h2>\n<p>A Santa Casa de Fortaleza apresenta em seu <em>Corpo Cl\u00ednico<\/em>, um grupo seleto de m\u00e9dicos especialistas de renome, capacitados em oferecer alta qualidade em servi\u00e7os hospitalares. Nossos m\u00e9dicos s\u00e3o determinados a realizar com qualidade suas especialidades e pesquisas, buscando a participa\u00e7\u00e3o ativa nos processos da institui\u00e7\u00e3o e procurando conquistar novos horizontes atrav\u00e9s de uma assist\u00eancia humanizada.<\/p>\n<h3>Vagas Santa Casa Fortaleza &#8211; Trabalhe Conosco<\/h3>\n<p>A Santa Casa Fortaleza disponibiliza <em>vagas de trabalho<\/em> durante todo ano. Para se informar sobre os processos seletivos e se candidatar as vagas acompanhe o site da empresa, onde \u00e9 poss\u00edvel se informar sobre vagas abertas, sal\u00e1rios e compet\u00eancias necess\u00e1rias para se candidatar ao processo.<\/p>\n<h3>Hor\u00e1rio de Funcionamento Santa Casa em Fortaleza<\/h3>\n<ul>\n<li>24 horas<\/li>\n<\/ul>\n<h3>Endere\u00e7o e Telefone Santa Casa em Fortaleza<\/h3>\n<ul>\n<li>Rua Bar\u00e3o do Rio Branco, s\/n &#8211; Centro &#8211; Fortaleza &#8211; CE<\/li>\n<li>Telefone: (85) 3455-9100<\/li>\n<\/ul>\n<h4>Outras informa\u00e7\u00f5es e site<\/h4>\n<ul>\n<li>Mais informa\u00e7\u00f5es:\u00a0<a href=\"https:\/\/www.santacasace.org.br\/\" target=\"_blank\" rel=\"noopener noreferrer\">www.santacasace.org.br<\/a><\/li>\n<\/ul>\n<h4>Mapa de localiza\u00e7\u00e3o<\/h4>\n<a class=\"wp-colorbox-iframe\" href=\"https:\/\/www.google.com\/maps\/embed?pb=!1m14!1m8!1m3!1d15925.605092076315!2d-38.5273499!3d-3.7223511!3m2!1i1024!2i768!4f13.1!3m3!1m2!1s0x00x38545e7db6103700!2sSanta+Casa+da+Misericrdia+de+Fortaleza!5e0!3m2!1spt-BR!2sbr!4v1538300860621\"><img decoding=\"async\" src=\"http:\/\/www.encontracampinas.com.br\/imgs\/maps-post.png\"><\/a>\n\n<div style=\"font-size: 0px; height: 0px; line-height: 0px; margin: 0; padding: 0; clear: both;\"><\/div>","protected":false},"excerpt":{"rendered":"<p>A\u00a0Santa Casa da Miseric\u00f3rdia de Fortaleza\u00a0\u00e9 um\u00a0hospital\u00a0da cidade de\u00a0Fortaleza. \u00c9 o primeiro hospital da cidade e foi constru\u00eddo inicialmente com recursos p\u00fablicos fornecidos \u00e0 prov\u00edncia para resolver os problemas decorrentes da \u00faltima epidemia de\u00a0febre amarela. O hospital foi inaugurado em\u00a01861, a princ\u00edpio com 80 leitos, tinha como mantenedora a\u00a0Irmandade\u00a0Beneficente da\u00a0Santa Casa da Miseric\u00f3rdia\u00a0de Fortaleza.\u00a0\u00a0O Dr. Joaquim Ant\u00f4nio Ribeiro foi o primeiro m\u00e9dico nomeado para trabalhar na Santa Casa, em\u00a012 de mar\u00e7o\u00a0de 1861. Formado em medicina pela\u00a0Universidade de Harvard\u00a0em\u00a01853. No come\u00e7o do s\u00e9culo XX a Santa Casa de Fortaleza enfrentou a grande calamidade p\u00fablica que foi a\u00a0seca\u00a0de\u00a01915\u00a0que passou a atender uma <\/p>\n","protected":false},"author":1,"featured_media":0,"parent":0,"menu_order":0,"comment_status":"closed","ping_status":"closed","template":"","meta":{"footnotes":""},"class_list":["post-625","page","type-page","status-publish","hentry"],"aioseo_notices":[],"_links":{"self":[{"href":"https:\/\/www.encontrafortaleza.com\/sobre\/wp-json\/wp\/v2\/pages\/625"}],"collection":[{"href":"https:\/\/www.encontrafortaleza.com\/sobre\/wp-json\/wp\/v2\/pages"}],"about":[{"href":"https:\/\/www.encontrafortaleza.com\/sobre\/wp-json\/wp\/v2\/types\/page"}],"author":[{"embeddable":true,"href":"https:\/\/www.encontrafortaleza.com\/sobre\/wp-json\/wp\/v2\/users\/1"}],"replies":[{"embeddable":true,"href":"https:\/\/www.encontrafortaleza.com\/sobre\/wp-json\/wp\/v2\/comments?post=625"}],"version-history":[{"count":0,"href":"https:\/\/www.encontrafortaleza.com\/sobre\/wp-json\/wp\/v2\/pages\/625\/revisions"}],"wp:attachment":[{"href":"https:\/\/www.encontrafortaleza.com\/sobre\/wp-json\/wp\/v2\/media?parent=625"}],"curies":[{"name":"wp","href":"https:\/\/api.w.org\/{rel}","templated":true}]}}