{"id":684,"date":"2018-10-07T05:10:54","date_gmt":"2018-10-07T08:10:54","guid":{"rendered":"http:\/\/www.encontrafortaleza.com\/sobre\/?page_id=684"},"modified":"2019-06-01T14:40:57","modified_gmt":"2019-06-01T17:40:57","slug":"mte-fortaleza","status":"publish","type":"page","link":"https:\/\/www.encontrafortaleza.com\/sobre\/mte-fortaleza\/","title":{"rendered":"MTE Fortaleza"},"content":{"rendered":"<div class=\"2ad529334b11458fd7d9bde3e187e581\" data-index=\"1\" style=\"float: left; margin: 5px 5px 5px 0;\">\n<!-- EBR \/Novo-Bairro-Topo\/ 300x250 -->\r\n<ins class=\"adsbygoogle\"\r\n     style=\"display:inline-block;width:300px;height:250px\"\r\n     data-ad-client=\"ca-pub-6414922941841817\"\r\n     data-ad-slot=\"5351822287\"><\/ins>\r\n<script>\r\n(adsbygoogle = window.adsbygoogle || []).push({});\r\n<\/script>\n<\/div>\n<p>O<strong> MTE Fortaleza<\/strong> &#8211; Minist\u00e9rio do Trabalho e Emprego &#8211;\u00a0\u00f3rg\u00e3o da administra\u00e7\u00e3o federal direta, tem como \u00e1rea de compet\u00eancia os seguintes assuntos: pol\u00edtica e diretrizes para a gera\u00e7\u00e3o de emprego e renda e de apoio ao trabalhador; pol\u00edtica e diretrizes para a moderniza\u00e7\u00e3o das rela\u00e7\u00f5es do\u00a0trabalho; fiscaliza\u00e7\u00e3o em\u00a0seguran\u00e7a\u00a0e\u00a0sa\u00fade\u00a0no trabalho.<\/p>\n<p>Fiscaliza\u00e7\u00e3o do trabalho, inclusive do trabalho portu\u00e1rio, bem como aplica\u00e7\u00e3o das san\u00e7\u00f5es previstas em normas legais ou coletivas; pol\u00edtica salarial; forma\u00e7\u00e3o e desenvolvimento profissional; pol\u00edtica de\u00a0imigra\u00e7\u00e3o; e cooperativismo e associativismo urbanos.<\/p>\n<p><img loading=\"lazy\" decoding=\"async\" class=\"alignnone wp-image-1882 size-full\" title=\"MTE Fortaleza\" src=\"https:\/\/www.encontrafortaleza.com\/sobre\/wp-content\/uploads\/2019\/06\/ministerio-do-trabalho-curitiba.gif\" alt=\"MTE Fortaleza\" width=\"680\" height=\"189\" \/><\/p>\n<p>Publica, anualmente, a\u00a0Rela\u00e7\u00e3o Anual de Informa\u00e7\u00f5es Sociais\u00a0(RAIS) informada obrigatoriamente pelas empresas brasileiras.<\/p>\n<h2>Minist\u00e9rio do Trabalho Fortaleza Agendamento<\/h2>\n<p>Para o\u00a0<em>agendamento<\/em>\u00a0de servi\u00e7os no Minist\u00e9rio do Trabalho basta entrar em contato com o telefone descrito abaixo.<\/p>\n<h3>Minist\u00e9rio do Trabalho Fortaleza Seguro Desemprego<\/h3>\n<p>Depois de demitido, o trabalhador deve solicitar o Seguro Desemprego. Para isso, \u00e9 necess\u00e1rio ir at\u00e9 uma ag\u00eancia do SINE \u2013 Sistema Nacional de Emprego, ou na Ag\u00eancia do Minist\u00e9rio do Trabalho da sua regi\u00e3o. No entanto, antes de ir nesses locais, \u00e9 preciso fazer o agendamento do Seguro Desemprego pelo site do SAA \u2013 Sistema de Atendimento Agendado:\u00a0<a href=\"http:\/\/trabalho.gov.br\/\" target=\"_blank\" rel=\"noopener noreferrer\">www.trabalho.gov.br<\/a><\/p>\n<h3>Minist\u00e9rio do Trabalho Fortaleza Den\u00fancia<\/h3>\n<p>O MPT tem a miss\u00e3o de defender os direitos coletivos\/indispon\u00edveis dos trabalhadores. Desse modo, a institui\u00e7\u00e3o n\u00e3o presta servi\u00e7os de consultoria nem atua em defesa de direitos meramente individuais. Para formalizar sua\u00a0<em>den\u00fancia<\/em>, acesse o servi\u00e7o na p\u00e1gina\u00a0<a href=\"https:\/\/mpt.mp.br\/\" target=\"_blank\" rel=\"noopener noreferrer\">www.mpt.mp.br<\/a><\/p>\n<h3>Minist\u00e9rio do Trabalho Fortaleza Carteira de Trabalho<\/h3>\n<p>A\u00a0<em>Carteira de Trabalho<\/em>\u00a0e Previd\u00eancia Social (CTPS) \u00e9 o documento obrigat\u00f3rio para toda pessoa que venha a prestar algum tipo de servi\u00e7o, seja na ind\u00fastria, no com\u00e9rcio, na agricultura, na pecu\u00e1ria ou mesmo de natureza dom\u00e9stica.<\/p>\n<h3>Hor\u00e1rio de Funcionamento\u00a0Minist\u00e9rio do Trabalho em Fortaleza<\/h3>\n<ul>\n<li>Segunda a Sexta: das 07h \u00e0s 19h<\/li>\n<\/ul>\n<h3>Endere\u00e7o e Telefone Minist\u00e9rio do Trabalho em Fortaleza<\/h3>\n<ul>\n<li>Rua 24 de Maio, 178 &#8211; Centro &#8211; Fortaleza &#8211; CE<\/li>\n<li>Telefone: (85) 3255-3904<\/li>\n<\/ul>\n<h4>Outras informa\u00e7\u00f5es e site<\/h4>\n<ul>\n<li>Mais informa\u00e7\u00f5es:\u00a0<a href=\"http:\/\/trabalho.gov.br\/\" target=\"_blank\" rel=\"noopener noreferrer\">www.trabalho.gov.br<\/a><\/li>\n<\/ul>\n<h4>Mapa de localiza\u00e7\u00e3o<\/h4>\n<a class=\"wp-colorbox-iframe\" href=\"https:\/\/www.google.com\/maps\/embed?pb=!1m18!1m12!1m3!1d3981.397282913148!2d-38.53328198524105!3d-3.72323359729113!2m3!1f0!2f0!3f0!3m2!1i1024!2i768!4f13.1!3m3!1m2!1s0x7c749b3c12c7bf50x274b743b9a450967!2sRua+24+de+Maio+178+-+Centro+Fortaleza+-+CE+60020-000!5e0!3m2!1spt-BR!2sbr!4v1538899723974\"><img decoding=\"async\" src=\"http:\/\/www.encontracampinas.com.br\/imgs\/maps-post.png\"><\/a>\n\n<div style=\"font-size: 0px; height: 0px; line-height: 0px; margin: 0; padding: 0; clear: both;\"><\/div>","protected":false},"excerpt":{"rendered":"<p>O MTE Fortaleza &#8211; Minist\u00e9rio do Trabalho e Emprego &#8211;\u00a0\u00f3rg\u00e3o da administra\u00e7\u00e3o federal direta, tem como \u00e1rea de compet\u00eancia os seguintes assuntos: pol\u00edtica e diretrizes para a gera\u00e7\u00e3o de emprego e renda e de apoio ao trabalhador; pol\u00edtica e diretrizes para a moderniza\u00e7\u00e3o das rela\u00e7\u00f5es do\u00a0trabalho; fiscaliza\u00e7\u00e3o em\u00a0seguran\u00e7a\u00a0e\u00a0sa\u00fade\u00a0no trabalho. Fiscaliza\u00e7\u00e3o do trabalho, inclusive do trabalho portu\u00e1rio, bem como aplica\u00e7\u00e3o das san\u00e7\u00f5es previstas em normas legais ou coletivas; pol\u00edtica salarial; forma\u00e7\u00e3o e desenvolvimento profissional; pol\u00edtica de\u00a0imigra\u00e7\u00e3o; e cooperativismo e associativismo urbanos. Publica, anualmente, a\u00a0Rela\u00e7\u00e3o Anual de Informa\u00e7\u00f5es Sociais\u00a0(RAIS) informada obrigatoriamente pelas empresas brasileiras. Minist\u00e9rio do Trabalho Fortaleza Agendamento Para o\u00a0agendamento\u00a0de servi\u00e7os <\/p>\n","protected":false},"author":1,"featured_media":0,"parent":0,"menu_order":0,"comment_status":"closed","ping_status":"closed","template":"","meta":{"footnotes":""},"class_list":["post-684","page","type-page","status-publish","hentry"],"aioseo_notices":[],"_links":{"self":[{"href":"https:\/\/www.encontrafortaleza.com\/sobre\/wp-json\/wp\/v2\/pages\/684"}],"collection":[{"href":"https:\/\/www.encontrafortaleza.com\/sobre\/wp-json\/wp\/v2\/pages"}],"about":[{"href":"https:\/\/www.encontrafortaleza.com\/sobre\/wp-json\/wp\/v2\/types\/page"}],"author":[{"embeddable":true,"href":"https:\/\/www.encontrafortaleza.com\/sobre\/wp-json\/wp\/v2\/users\/1"}],"replies":[{"embeddable":true,"href":"https:\/\/www.encontrafortaleza.com\/sobre\/wp-json\/wp\/v2\/comments?post=684"}],"version-history":[{"count":0,"href":"https:\/\/www.encontrafortaleza.com\/sobre\/wp-json\/wp\/v2\/pages\/684\/revisions"}],"wp:attachment":[{"href":"https:\/\/www.encontrafortaleza.com\/sobre\/wp-json\/wp\/v2\/media?parent=684"}],"curies":[{"name":"wp","href":"https:\/\/api.w.org\/{rel}","templated":true}]}}