{"id":703,"date":"2018-10-08T06:20:55","date_gmt":"2018-10-08T09:20:55","guid":{"rendered":"http:\/\/www.encontrafortaleza.com\/sobre\/?page_id=703"},"modified":"2019-06-01T15:34:23","modified_gmt":"2019-06-01T18:34:23","slug":"ecopoint-fortaleza","status":"publish","type":"page","link":"https:\/\/www.encontrafortaleza.com\/sobre\/ecopoint-fortaleza\/","title":{"rendered":"Ecopoint Fortaleza"},"content":{"rendered":"<div class=\"2ad529334b11458fd7d9bde3e187e581\" data-index=\"1\" style=\"float: left; margin: 5px 5px 5px 0;\">\n<!-- EBR \/Novo-Bairro-Topo\/ 300x250 -->\r\n<ins class=\"adsbygoogle\"\r\n     style=\"display:inline-block;width:300px;height:250px\"\r\n     data-ad-client=\"ca-pub-6414922941841817\"\r\n     data-ad-slot=\"5351822287\"><\/ins>\r\n<script>\r\n(adsbygoogle = window.adsbygoogle || []).push({});\r\n<\/script>\n<\/div>\n<p class=\"texto_conteudo\">O <strong>ECOPOINT Fortaleza<\/strong> nasceu com a inten\u00e7\u00e3o de despertar voc\u00ea para as quest\u00f5es da natureza, de forma que possa ver e transformar essa realidade. A concep\u00e7\u00e3o do ECOPOINT contou com a participa\u00e7\u00e3o do Instituto HomemTerra, IBAMA e Zool\u00f3gico Sargento Prata, sendo assim, um espa\u00e7o \u00fanico e uma iniciativa in\u00e9dita no Cear\u00e1.<\/p>\n<p class=\"texto_conteudo\">Com uma \u00e1rea extremamente verde, contando com uma infra-estrutura original e arrojada, aliada aos recursos did\u00e1ticos e humanos necess\u00e1rios, o ECOPOINT \u00e9 uma perspectiva educacional bastante inovadora, algo dif\u00edcil de encontrar nos dias de hoje.<\/p>\n<p><img loading=\"lazy\" decoding=\"async\" class=\"alignnone wp-image-704 size-full\" title=\"Ecopoint Fortaleza\" src=\"http:\/\/www.encontrafortaleza.com\/sobre\/wp-content\/uploads\/2018\/10\/ecopoint-fortaleza.gif\" alt=\"Ecopoint Fortaleza\" width=\"680\" height=\"189\" \/><\/p>\n<p>Para concretizar o objetivo de forma\u00e7\u00e3o de novos multiplicadores desse amor ao meio ambiente \u00e9 preciso: preservar, conhecer, viver, sentir e transformar.<\/p>\n<h2>Ecopoint Fortaleza Atra\u00e7\u00f5es<\/h2>\n<p>No Ecopoint voc\u00ea pode se divertir nas seguintes<em> atra\u00e7\u00f5es:<\/em><\/p>\n<ul>\n<li>Passeio a cavalo<\/li>\n<li>Espa\u00e7o Piquenique<\/li>\n<li>Arco e flecha<\/li>\n<li>Arvorismo<\/li>\n<li>Piscina infantil<\/li>\n<li>Atra\u00e7\u00f5es Art\u00edsticas<\/li>\n<\/ul>\n<h3>Ecopoint Fortaleza Projeto Escola<\/h3>\n<p>O roteiro das <em>visitas escolares<\/em> com finalidade de aula em campo poder\u00e3o ser adaptadas \u00e0s necessidades do Programa, do conte\u00fado, ou propostas de culmin\u00e2ncia da escola, desde que acordado no momento da reserva ou com, no m\u00ednimo, uma semana de anteced\u00eancia. As visitas ao Ecopoint podem variar de roteiro e programa\u00e7\u00e3o de acordo com a necessidade da Escola, do n\u00edvel da s\u00e9rie que visita, do objetivo da visita\u00e7\u00e3o etc., desde que acertado anteriormente com a coordena\u00e7\u00e3o da Escola antecipadamente.<\/p>\n<p>Com o objetivo de proporcionar \u00e0 escola uma Aula em Campo com qualidade \u00e0 altura da mesma, o Instituto ABA-YBY\/ECOPOINT prima pela sele\u00e7\u00e3o de seus monitores, escolhendo-os dentre profissionais e estudantes das \u00e1reas de Biologia, Veterin\u00e1ria, e Pedagogia, sendo anteriormente treinados e engajados na proposta pedag\u00f3gica do Instituto, visando o melhor aproveitamento poss\u00edvel durante a visita.<\/p>\n<h3>Hor\u00e1rio de Funcionamento\u00a0Ecopoint\u00a0Fortaleza<\/h3>\n<ul>\n<li>Sexta a Domingo das 10h \u00e0s 17h<\/li>\n<\/ul>\n<h3>Endere\u00e7o e Telefone Ecopoint em Fortaleza<\/h3>\n<ul>\n<li>Av. Senador Fernandes T\u00e1vora, 387 &#8211; J\u00f3quei Clube &#8211; Fortaleza &#8211; CE<\/li>\n<li><span class=\"w8qArf\">Telefone:\u00a0<\/span><span class=\"LrzXr zdqRlf kno-fv\">(85) 3290-3339<\/span><\/li>\n<\/ul>\n<h3>Outras informa\u00e7\u00f5es e site<\/h3>\n<ul>\n<li>Veja outras unidades de\u00a0<a href=\"http:\/\/www.parqueecopoint.com.br\/parque.html\" target=\"_blank\" rel=\"noopener noreferrer\">www.parqueecopoint.com.br<\/a><\/li>\n<\/ul>\n<h3>Mapa de localiza\u00e7\u00e3o<\/h3>\n<a class=\"wp-colorbox-iframe\" href=\"https:\/\/www.google.com\/maps\/embed?pb=!1m18!1m12!1m3!1d3981.202545384216!2d-38.578120685240975!3d-3.7660529972601564!2m3!1f0!2f0!3f0!3m2!1i1024!2i768!4f13.1!3m3!1m2!1s0x7c74c071bffffc30xebf19db8acbc1859!2sAv.+Senador+Fernandes+Tvora+387+-+Jquei+Clube+Fortaleza+-+CE+60510-290!5e0!3m2!1spt-BR!2sbr!4v1559414049312!5m2!1spt-BR!2sbr\"><img decoding=\"async\" src=\"http:\/\/www.encontracampinas.com.br\/imgs\/maps-post.png\"><\/a>\n\n<div style=\"font-size: 0px; height: 0px; line-height: 0px; margin: 0; padding: 0; clear: both;\"><\/div>","protected":false},"excerpt":{"rendered":"<p>O ECOPOINT Fortaleza nasceu com a inten\u00e7\u00e3o de despertar voc\u00ea para as quest\u00f5es da natureza, de forma que possa ver e transformar essa realidade. A concep\u00e7\u00e3o do ECOPOINT contou com a participa\u00e7\u00e3o do Instituto HomemTerra, IBAMA e Zool\u00f3gico Sargento Prata, sendo assim, um espa\u00e7o \u00fanico e uma iniciativa in\u00e9dita no Cear\u00e1. Com uma \u00e1rea extremamente verde, contando com uma infra-estrutura original e arrojada, aliada aos recursos did\u00e1ticos e humanos necess\u00e1rios, o ECOPOINT \u00e9 uma perspectiva educacional bastante inovadora, algo dif\u00edcil de encontrar nos dias de hoje. Para concretizar o objetivo de forma\u00e7\u00e3o de novos multiplicadores desse amor ao meio ambiente <\/p>\n","protected":false},"author":1,"featured_media":0,"parent":0,"menu_order":0,"comment_status":"closed","ping_status":"closed","template":"","meta":{"footnotes":""},"class_list":["post-703","page","type-page","status-publish","hentry"],"aioseo_notices":[],"_links":{"self":[{"href":"https:\/\/www.encontrafortaleza.com\/sobre\/wp-json\/wp\/v2\/pages\/703"}],"collection":[{"href":"https:\/\/www.encontrafortaleza.com\/sobre\/wp-json\/wp\/v2\/pages"}],"about":[{"href":"https:\/\/www.encontrafortaleza.com\/sobre\/wp-json\/wp\/v2\/types\/page"}],"author":[{"embeddable":true,"href":"https:\/\/www.encontrafortaleza.com\/sobre\/wp-json\/wp\/v2\/users\/1"}],"replies":[{"embeddable":true,"href":"https:\/\/www.encontrafortaleza.com\/sobre\/wp-json\/wp\/v2\/comments?post=703"}],"version-history":[{"count":0,"href":"https:\/\/www.encontrafortaleza.com\/sobre\/wp-json\/wp\/v2\/pages\/703\/revisions"}],"wp:attachment":[{"href":"https:\/\/www.encontrafortaleza.com\/sobre\/wp-json\/wp\/v2\/media?parent=703"}],"curies":[{"name":"wp","href":"https:\/\/api.w.org\/{rel}","templated":true}]}}