{"id":715,"date":"2018-10-08T08:58:05","date_gmt":"2018-10-08T11:58:05","guid":{"rendered":"http:\/\/www.encontrafortaleza.com\/sobre\/?page_id=715"},"modified":"2019-06-01T16:07:51","modified_gmt":"2019-06-01T19:07:51","slug":"prainha-fortaleza","status":"publish","type":"page","link":"https:\/\/www.encontrafortaleza.com\/sobre\/prainha-fortaleza\/","title":{"rendered":"Prainha Fortaleza"},"content":{"rendered":"<div class=\"2ad529334b11458fd7d9bde3e187e581\" data-index=\"1\" style=\"float: left; margin: 5px 5px 5px 0;\">\n<!-- EBR \/Novo-Bairro-Topo\/ 300x250 -->\r\n<ins class=\"adsbygoogle\"\r\n     style=\"display:inline-block;width:300px;height:250px\"\r\n     data-ad-client=\"ca-pub-6414922941841817\"\r\n     data-ad-slot=\"5351822287\"><\/ins>\r\n<script>\r\n(adsbygoogle = window.adsbygoogle || []).push({});\r\n<\/script>\n<\/div>\n<p>A\u00a0<strong>Praia da Prainha<\/strong> Fortaleza \u00e9 um daqueles cantinhos deliciosos que vamos com toda a fam\u00edlia curtir um dia na praia. R\u00fastica e muito tranquila na semana, essa parte do litoral leste cearense, se transforma em uma das praias mais populares aos s\u00e1bados, domingos e feriados.<\/p>\n<p>\u00c9 uma das partes litor\u00e2neas cearenses onde voc\u00ea encontra mais\u00a0casas de veraneio\u00a0para morar ou alugar. Mesmo n\u00e3o havendo tanta explora\u00e7\u00e3o tur\u00edstica, h\u00e1 muito o que ver e curtir na Prainha.<\/p>\n<p><img loading=\"lazy\" decoding=\"async\" class=\"alignnone wp-image-716 size-full\" title=\"Prainha Fortaleza\" src=\"http:\/\/www.encontrafortaleza.com\/sobre\/wp-content\/uploads\/2018\/10\/prainha-fortaleza.gif\" alt=\"Prainha Fortaleza\" width=\"680\" height=\"189\" \/><\/p>\n<h2>Prainha Fortaleza Cen\u00e1rio<\/h2>\n<p>A Praia da Prainha \u00e9 bem simples. N\u00e3o h\u00e1 uma mega estrutura no lugar, mas voc\u00ea encontra algumas barracas de praia, com um card\u00e1pio bem variado e aquela cerveja gelada sempre presente. O sol \u00e9 constante e d\u00e1 para pegar aquele bronze. O mar da Prainha pode ser super tranquilo ou ter muitas ondas, dependendo da tabela da mar\u00e9. Vale lembrar que existem esses dois extremos ent\u00e3o \u00e9 sempre bom conferir como estar\u00e1 a mar\u00e9 no dia da sua visita.<\/p>\n<p>Por cada canto da Prainha voc\u00ea encontra um contraste em sua arquitetura. Casas mais elegantes e com tra\u00e7os modernos, dividindo o mesmo espa\u00e7o com as antigas casinhas da vila de pescadores, que ainda moram em sua maioria por aqui. Hot\u00e9is seguem a mesma linha. Aqueles poucos que voc\u00ea encontra na Prainha dividem-se entre os confort\u00e1veis e mais simples. N\u00e3o h\u00e1 grandes resortes ou complexos hoteleiros por aqui, pois essa atividade \u00e9 mais focada em Porto das Dunas, onde fica o Beach Park.<\/p>\n<h3>Prainha Fortaleza Rendeiras<\/h3>\n<p>Se voc\u00ea \u00e9 f\u00e3 de pe\u00e7as em rendas, n\u00e3o pode deixar de conferir esse espa\u00e7o. O Centro de Rendeiras tamb\u00e9m \u00e9 perfeito para conhecer mais o trabalho dessas mulheres \u2013 e homens \u2013 que se dedicam \u00e0 arte de confeccionar rendas atrav\u00e9s do tra\u00e7ado manual.<br \/>\nAlgumas das pe\u00e7as que voc\u00ea encontrar\u00e1 aqui s\u00e3o exclusivas, o que pode fazer com que o valor seja bem alto. Ao mesmo tempo, h\u00e1 aquelas mais comuns e baratinhas, que voc\u00ea pode levar para casa de lembran\u00e7a.<\/p>\n<h3>Hor\u00e1rio de Funcionamento Prainha em Fortaleza<\/h3>\n<ul>\n<li>24 horas<\/li>\n<\/ul>\n<h3>Endere\u00e7o e Telefone Prainha em Fortaleza<\/h3>\n<ul>\n<li>Aquiraz &#8211; Fortaleza &#8211; CE<\/li>\n<\/ul>\n<h4>Mapa de localiza\u00e7\u00e3o<\/h4>\n<a class=\"wp-colorbox-iframe\" href=\"https:\/\/www.google.com\/maps\/embed?pb=!1m18!1m12!1m3!1d15922.316461850614!2d-38.3587547636858!3d-3.8999784965481092!2m3!1f0!2f0!3f0!3m2!1i1024!2i768!4f13.1!3m3!1m2!1s0x7c75dd0452aeb7f0x26d1feb2c5dc049e!2sPrainha+Aquiraz+-+CE+61700-000!5e0!3m2!1spt-BR!2sbr!4v1538999722139\"><img decoding=\"async\" src=\"http:\/\/www.encontracampinas.com.br\/imgs\/maps-post.png\"><\/a>\n\n<div style=\"font-size: 0px; height: 0px; line-height: 0px; margin: 0; padding: 0; clear: both;\"><\/div>","protected":false},"excerpt":{"rendered":"<p>A\u00a0Praia da Prainha Fortaleza \u00e9 um daqueles cantinhos deliciosos que vamos com toda a fam\u00edlia curtir um dia na praia. R\u00fastica e muito tranquila na semana, essa parte do litoral leste cearense, se transforma em uma das praias mais populares aos s\u00e1bados, domingos e feriados. \u00c9 uma das partes litor\u00e2neas cearenses onde voc\u00ea encontra mais\u00a0casas de veraneio\u00a0para morar ou alugar. Mesmo n\u00e3o havendo tanta explora\u00e7\u00e3o tur\u00edstica, h\u00e1 muito o que ver e curtir na Prainha. Prainha Fortaleza Cen\u00e1rio A Praia da Prainha \u00e9 bem simples. N\u00e3o h\u00e1 uma mega estrutura no lugar, mas voc\u00ea encontra algumas barracas de praia, com <\/p>\n","protected":false},"author":1,"featured_media":0,"parent":0,"menu_order":0,"comment_status":"closed","ping_status":"closed","template":"","meta":{"footnotes":""},"class_list":["post-715","page","type-page","status-publish","hentry"],"aioseo_notices":[],"_links":{"self":[{"href":"https:\/\/www.encontrafortaleza.com\/sobre\/wp-json\/wp\/v2\/pages\/715"}],"collection":[{"href":"https:\/\/www.encontrafortaleza.com\/sobre\/wp-json\/wp\/v2\/pages"}],"about":[{"href":"https:\/\/www.encontrafortaleza.com\/sobre\/wp-json\/wp\/v2\/types\/page"}],"author":[{"embeddable":true,"href":"https:\/\/www.encontrafortaleza.com\/sobre\/wp-json\/wp\/v2\/users\/1"}],"replies":[{"embeddable":true,"href":"https:\/\/www.encontrafortaleza.com\/sobre\/wp-json\/wp\/v2\/comments?post=715"}],"version-history":[{"count":0,"href":"https:\/\/www.encontrafortaleza.com\/sobre\/wp-json\/wp\/v2\/pages\/715\/revisions"}],"wp:attachment":[{"href":"https:\/\/www.encontrafortaleza.com\/sobre\/wp-json\/wp\/v2\/media?parent=715"}],"curies":[{"name":"wp","href":"https:\/\/api.w.org\/{rel}","templated":true}]}}