{"id":785,"date":"2018-12-06T06:05:34","date_gmt":"2018-12-06T08:05:34","guid":{"rendered":"http:\/\/www.encontrafortaleza.com\/sobre\/?page_id=785"},"modified":"2019-03-07T13:29:55","modified_gmt":"2019-03-07T16:29:55","slug":"horario-de-onibus-fortaleza","status":"publish","type":"page","link":"https:\/\/www.encontrafortaleza.com\/sobre\/horario-de-onibus-fortaleza\/","title":{"rendered":"Hor\u00e1rio de \u00d4nibus Fortaleza"},"content":{"rendered":"<div class=\"2ad529334b11458fd7d9bde3e187e581\" data-index=\"1\" style=\"float: left; margin: 5px 5px 5px 0;\">\n<!-- EBR \/Novo-Bairro-Topo\/ 300x250 -->\r\n<ins class=\"adsbygoogle\"\r\n     style=\"display:inline-block;width:300px;height:250px\"\r\n     data-ad-client=\"ca-pub-6414922941841817\"\r\n     data-ad-slot=\"5351822287\"><\/ins>\r\n<script>\r\n(adsbygoogle = window.adsbygoogle || []).push({});\r\n<\/script>\n<\/div>\n<p>Voc\u00ea pode pesquisar os\u00a0<strong>hor\u00e1rios de \u00f4nibus de Fortaleza\u00a0<\/strong>pelo site abaixo. Voc\u00ea escolhe a linha de \u00f4nibus que utilizar\u00e1 e, se \u00e9 dia \u00fatil, s\u00e1bado, domingo, feriados ou todos eles. Pronto, voc\u00ea n\u00e3o perder\u00e1 o seu \u00f4nibus. Voc\u00ea tamb\u00e9m pode fazer contato telef\u00f4nico para informa\u00e7\u00e3o de hor\u00e1rios de \u00f4nibus aos usu\u00e1rios do Transporte Coletivo (urbano e metropolitano).<\/p>\n<p>Para facilitar a busca de linhas dispon\u00edveis aos passageiros para diversos itiner\u00e1rios, a Empresa de Transporte Urbano de Fortaleza (Etufor) atualizou seus servi\u00e7os dispon\u00edveis nas plataformas digitais.\u00a0Com a atualiza\u00e7\u00e3o, os usu\u00e1rios podem consultar no Google Maps as melhores op\u00e7\u00f5es de linhas e itiner\u00e1rios dos \u00f4nibus que eram apresentadas apenas com seus n\u00fameros. Com a nova configura\u00e7\u00e3o, os nomes das linhas tamb\u00e9m est\u00e3o dispon\u00edveis.<\/p>\n<p><img loading=\"lazy\" decoding=\"async\" class=\"alignnone wp-image-786 size-full\" title=\"Hor\u00e1rio de \u00d4nibus Fortaleza\" src=\"http:\/\/www.encontrafortaleza.com\/sobre\/wp-content\/uploads\/2018\/12\/horario-de-onibus-fortaleza.gif\" alt=\"Hor\u00e1rio de \u00d4nibus Fortaleza\" width=\"680\" height=\"189\" \/><\/p>\n<p>A busca pode ser feita a partir do local de partida ao destino e, assim, ser\u00e3o apresentadas as op\u00e7\u00f5es de \u00f4nibus bem como o trajeto mais r\u00e1pido. Com essa melhoria facilita a todos os usu\u00e1rios e turistas, pois ajuda na identifica\u00e7\u00e3o das linhas com seus nomes, descomplicando e trazendo um melhor entendimento para os clientes do servi\u00e7o.<\/p>\n<p>Outras op\u00e7\u00f5es de informa\u00e7\u00e3o sobre o sistema de transporte coletivo est\u00e3o dispon\u00edveis no Cat\u00e1logo de Servi\u00e7os do portal da Prefeitura Municipal de Fortaleza na categoria <a href=\"https:\/\/catalogodeservicos.fortaleza.ce.gov.br\/categoria\/mobilidade\" target=\"_blank\" rel=\"noopener\">Mobilidade<\/a>. Existem diversas ferramentas alimentadas por meio do Gerenciador Integrado do Sistema de Transportes (GIST) que auxiliam o usu\u00e1rio a localizar as seguintes informa\u00e7\u00f5es: hor\u00e1rios de \u00f4nibus, linhas de \u00f4nibus por via e itiner\u00e1rios de linhas. Em <a href=\"https:\/\/catalogodeservicos.fortaleza.ce.gov.br\/categoria\/mobilidade\/servico\/90\" target=\"_blank\" rel=\"noopener\">Hor\u00e1rios de \u00d4nibus<\/a>, \u00e9 apresentada a programa\u00e7\u00e3o de hor\u00e1rios de sa\u00edda dos \u00f4nibus. Em <a href=\"https:\/\/catalogodeservicos.fortaleza.ce.gov.br\/categoria\/mobilidade\/servico\/81\" target=\"_blank\" rel=\"noopener\">Linhas de \u00d4nibus por Via<\/a>, \u00e9 poss\u00edvel verificar todas as linhas que passam pelas ruas, avenidas ou vias. E em <a href=\"https:\/\/catalogodeservicos.fortaleza.ce.gov.br\/categoria\/mobilidade\/servico\/79\" target=\"_blank\" rel=\"noopener\">Itiner\u00e1rios de Linhas de \u00d4nibus<\/a>, o usu\u00e1rio pode verificar todo o percurso dos \u00f4nibus e de vans do sistema de transporte coletivo.<\/p>\n<h2>Meu \u00d4nibus Fortaleza<\/h2>\n<p>Chegou o aplicativo <em>Meu \u00d4nibus<\/em>. Com ele, voc\u00ea que est\u00e1 em Fortaleza pode saber, em tempo real, a previs\u00e3o de chegada do seu \u00f4nibus no ponto de parada. Assim, voc\u00ea ter\u00e1 mais comodidade e previsibilidade para planejar suas viagens.<\/p>\n<p>Para utilizar \u00e9 f\u00e1cil:<br \/>\n\u00b7 Baixe o aplicativo, identifique no mapa os pontos de parada mais pr\u00f3ximos a voc\u00ea utilizando o GPS do seu celular ou digite um endere\u00e7o para localizar os pontos mais pr\u00f3ximos;<br \/>\n\u00b7 Selecione o ponto de parada desejado e visualize as linhas que passam por este ponto e suas respectivas previs\u00f5es de chegada;<br \/>\n\u00b7 Selecione a linha de \u00f4nibus que desejar e veja no mapa o trajeto e a previs\u00e3o de chegada do pr\u00f3ximo ve\u00edculo at\u00e9 seu ponto de parada;<br \/>\n\u00b7 Aproveite o aplicativo e fique por dentro das novidades da sua cidade acessando a op\u00e7\u00e3o \u201cNot\u00edcias\u201d.<\/p>\n<p>IMPORTANTE: O Meu \u00d4nibus depende das informa\u00e7\u00f5es enviadas pelos ve\u00edculos atrav\u00e9s da rede de dados da operadora de celular. Problemas na rede ou na cobertura da operadora interferem na qualidade da informa\u00e7\u00e3o em tempo real. Pedimos a sua compreens\u00e3o por eventuais falhas. Nestes casos, agradecemos se puder compartilhar conosco sua experi\u00eancia atrav\u00e9s da op\u00e7\u00e3o &#8220;Deixe sua opini\u00e3o&#8221;.<\/p>\n<h3>Hor\u00e1rios de \u00d4nibus Fortaleza<\/h3>\n<p>Informa\u00e7\u00e3o de hor\u00e1rios de \u00f4nibus aos usu\u00e1rios da Empresa de Transporte Urbano de Fortaleza &#8211; Etufor:<\/p>\n<p>1) Telefone:\u00a0(85) 3452-9255<\/p>\n<p>2) Nos Terminais de Transporte Coletivo;<\/p>\n<p>3)\u00a0Atrav\u00e9s da Etufor na aba\u00a0<strong>Hor\u00e1rio de \u00f4nibus<\/strong>\u00a0 no site:\u00a0<a href=\"http:\/\/www.etufor.ce.gov.br\/GIST\/linHorarios.htm\" target=\"_blank\" rel=\"noopener\">www.etufor.ce.gov.br\/GIST\/linHorarios.htm<\/a><\/p>\n\n<div style=\"font-size: 0px; height: 0px; line-height: 0px; margin: 0; padding: 0; clear: both;\"><\/div>","protected":false},"excerpt":{"rendered":"<p>Voc\u00ea pode pesquisar os\u00a0hor\u00e1rios de \u00f4nibus de Fortaleza\u00a0pelo site abaixo. Voc\u00ea escolhe a linha de \u00f4nibus que utilizar\u00e1 e, se \u00e9 dia \u00fatil, s\u00e1bado, domingo, feriados ou todos eles. Pronto, voc\u00ea n\u00e3o perder\u00e1 o seu \u00f4nibus. Voc\u00ea tamb\u00e9m pode fazer contato telef\u00f4nico para informa\u00e7\u00e3o de hor\u00e1rios de \u00f4nibus aos usu\u00e1rios do Transporte Coletivo (urbano e metropolitano). Para facilitar a busca de linhas dispon\u00edveis aos passageiros para diversos itiner\u00e1rios, a Empresa de Transporte Urbano de Fortaleza (Etufor) atualizou seus servi\u00e7os dispon\u00edveis nas plataformas digitais.\u00a0Com a atualiza\u00e7\u00e3o, os usu\u00e1rios podem consultar no Google Maps as melhores op\u00e7\u00f5es de linhas e itiner\u00e1rios dos <\/p>\n","protected":false},"author":1,"featured_media":0,"parent":0,"menu_order":0,"comment_status":"closed","ping_status":"closed","template":"","meta":{"footnotes":""},"class_list":["post-785","page","type-page","status-publish","hentry"],"aioseo_notices":[],"_links":{"self":[{"href":"https:\/\/www.encontrafortaleza.com\/sobre\/wp-json\/wp\/v2\/pages\/785"}],"collection":[{"href":"https:\/\/www.encontrafortaleza.com\/sobre\/wp-json\/wp\/v2\/pages"}],"about":[{"href":"https:\/\/www.encontrafortaleza.com\/sobre\/wp-json\/wp\/v2\/types\/page"}],"author":[{"embeddable":true,"href":"https:\/\/www.encontrafortaleza.com\/sobre\/wp-json\/wp\/v2\/users\/1"}],"replies":[{"embeddable":true,"href":"https:\/\/www.encontrafortaleza.com\/sobre\/wp-json\/wp\/v2\/comments?post=785"}],"version-history":[{"count":0,"href":"https:\/\/www.encontrafortaleza.com\/sobre\/wp-json\/wp\/v2\/pages\/785\/revisions"}],"wp:attachment":[{"href":"https:\/\/www.encontrafortaleza.com\/sobre\/wp-json\/wp\/v2\/media?parent=785"}],"curies":[{"name":"wp","href":"https:\/\/api.w.org\/{rel}","templated":true}]}}