{"id":8,"date":"2017-12-12T09:40:57","date_gmt":"2017-12-12T11:40:57","guid":{"rendered":"http:\/\/www.encontrafortaleza.com\/sobre\/?page_id=8"},"modified":"2021-06-18T13:39:51","modified_gmt":"2021-06-18T16:39:51","slug":"sobre-fortaleza","status":"publish","type":"page","link":"https:\/\/www.encontrafortaleza.com\/sobre\/","title":{"rendered":"Sobre Fortaleza"},"content":{"rendered":"<p><a href=\"http:\/\/www.encontrafortaleza.com\/sobre\/noticias-em-fortaleza\"><img loading=\"lazy\" decoding=\"async\" class=\"aligncenter\" src=\"http:\/\/feeds.feedburner.com\/efortaleza.gif?w=1&amp;c=1&amp;bb=mfd6\" alt=\"Encontra Fortaleza\" width=\"468\" height=\"60\" \/><\/a><\/p>\n<h2>Limites \u2013 Cidades Vizinhas<\/h2>\n<p>Caucaia, <a href=\"http:\/\/www.encontramaracanau.com.br\" target=\"_blank\" rel=\"noopener noreferrer\">Maracana\u00fa<\/a>, Pacatuba, Itaitinga, Eus\u00e9bio e Aquiraz<\/p>\n<h3>Dados Principais sobre a Cidade de Fortaleza<\/h3>\n<p><strong>Anivers\u00e1rio:<\/strong> 13 de abril<br \/>\n<strong>Funda\u00e7\u00e3o:<\/strong> 1726<br \/>\n<strong>Gent\u00edlico:<\/strong> Fortalezense<br \/>\n<strong>\u00c1rea:<\/strong> 313,140 Km\u00b2<br \/>\n<strong>Popula\u00e7\u00e3o:<\/strong> 2 627 482 hab. (2017)<br \/>\n<strong>IDH:<\/strong> 0,754 \u2013 elevado<\/p>\n<h2>V\u00eddeo sobre a cidade de Fortaleza<\/h2>\n<p><iframe style=\"width: 100%; height: 315px;\" src=\"https:\/\/www.youtube-nocookie.com\/embed\/fTDsBh1Trgs?rel=0&amp;showinfo=0\" frameborder=\"0\" allowfullscreen=\"allowfullscreen\"><\/iframe><\/p>\n<h2>Mapa Fortaleza<\/h2>\n<p><iframe style=\"border: 0; width: 100%; height: 450px;\" src=\"https:\/\/www.google.com\/maps\/embed?pb=!1m18!1m12!1m3!1d127394.89500503478!2d-38.5884989471722!3d-3.7904776818893677!2m3!1f0!2f0!3f0!3m2!1i1024!2i768!4f13.1!3m3!1m2!1s0x7c74c3f464c783f%3A0x4661c60a0c6b37ca!2sFortaleza+-+CE!5e0!3m2!1spt-BR!2sbr!4v1513078553890\" frameborder=\"0\" allowfullscreen=\"allowfullscreen\"><\/iframe><\/p>\n<h2>Moradores ilustres de Fortaleza<\/h2>\n<div id=\"fb-root\"><\/div>\n<p><script>(function(d, s, id) {\n  var js, fjs = d.getElementsByTagName(s)[0];\n  if (d.getElementById(id)) return;\n  js = d.createElement(s); js.id = id;\n  js.src = 'https:\/\/connect.facebook.net\/pt_BR\/sdk.js#xfbml=1&version=v2.11';\n  fjs.parentNode.insertBefore(js, fjs);\n}(document, 'script', 'facebook-jssdk'));<\/script><\/p>\n<div class=\"fb-page\" style=\"border: none; overflow: hidden; width: 100%; height: 252px;\" data-href=\"https:\/\/www.facebook.com\/cefortaleza\" data-width=\"730px\" data-height=\"252px\" data-small-header=\"false\" data-adapt-container-width=\"true\" data-hide-cover=\"false\" data-show-facepile=\"true\">\n<blockquote class=\"fb-xfbml-parse-ignore\" cite=\"https:\/\/www.facebook.com\/cefortaleza\"><p><a href=\"https:\/\/www.facebook.com\/cefortaleza\">Fortaleza &#8211; CE<\/a><\/p><\/blockquote>\n<\/div>\n<h2>Hist\u00f3ria da cidade de Fortaleza<\/h2>\n<p><img loading=\"lazy\" decoding=\"async\" width=\"737\" height=\"258\" class=\"alignnone size-full wp-image-11\" style=\"width: 100%; height: auto;\" src=\"http:\/\/www.encontrafortaleza.com\/sobre\/wp-content\/uploads\/2017\/12\/cidade-fortaleza.jpg\" alt=\"\" srcset=\"https:\/\/www.encontrafortaleza.com\/sobre\/wp-content\/uploads\/2017\/12\/cidade-fortaleza.jpg 737w, https:\/\/www.encontrafortaleza.com\/sobre\/wp-content\/uploads\/2017\/12\/cidade-fortaleza-300x105.jpg 300w\" sizes=\"(max-width: 737px) 100vw, 737px\" \/><br \/>\n<strong>Fortaleza<\/strong> \u00e9 capital do estado do Cear\u00e1. A cidade desenvolveu-se \u00e0s margens do riacho Paje\u00fa, e sua topon\u00edmia \u00e9 uma alus\u00e3o ao Forte Schoonenborch, o qual deu origem ao munic\u00edpio, constru\u00eddo pelos holandeses durante sua segunda perman\u00eancia no local, entre 1649 e 1654. O lema de Fortaleza, presente em seu bras\u00e3o, \u00e9 a palavra em latim Fortitudine, que, em portugu\u00eas, significa &#8220;for\u00e7a, valor, coragem&#8221;.<\/p>\n<p>Est\u00e1 localizada no litoral Atl\u00e2ntico, a uma altitude m\u00e9dia de dezesseis metros, com 34 km de praias. Fortaleza possui 313,140 km\u00b2 de \u00e1rea e 2 627 482 habitantes estimados em 2017, al\u00e9m da maior densidade demogr\u00e1fica entre as capitais do pa\u00eds, com 8 390,76 hab\/km\u00b2. \u00c9 a maior cidade do Cear\u00e1 em popula\u00e7\u00e3o e a quinta do Brasil. A Regi\u00e3o Metropolitana de Fortaleza \u00e9 a sexta mais populosa do Brasil e a primeira do Norte e Nordeste, com 4 051 744 habitantes em 2017. \u00c9 a cidade nordestina com a maior \u00e1rea de influ\u00eancia regional e possui a terceira maior rede urbana do Brasil em popula\u00e7\u00e3o, atr\u00e1s apenas de S\u00e3o Paulo e do Rio de Janeiro.<\/p>\n<p>Fortaleza foi em 2014 a d\u00e9cima segunda cidade mais rica do pa\u00eds em PIB e a mais rica do Nordeste, com 56 bilh\u00f5es de reais. Possui, ainda, a terceira regi\u00e3o metropolitana mais rica das regi\u00f5es Norte e Nordeste. \u00c9 importante centro industrial e comercial do Brasil, com o oitavo maior poder de compra municipal da na\u00e7\u00e3o. No turismo, a cidade alcan\u00e7ou as marcas de segundo destino mais desejado do Brasil e quarta cidade brasileira que mais recebe turistas de acordo com o Minist\u00e9rio do Turismo. \u00c9 sede do Banco do Nordeste, da Transnordestina Log\u00edstica e do DNOCS. A BR-116, a mais importante rodovia do pa\u00eds, come\u00e7a em Fortaleza. O munic\u00edpio faz parte do Mercado Comum de Cidades do Mercosul.<\/p>\n<p>Batizada de Loira Desposada do Sol pelos versos do poeta Paula Ney, a metr\u00f3pole cearense \u00e9 a terra natal de brasileiros de grande renome como o ex-presidente Castelo Branco e Dom H\u00e9lder C\u00e2mara, assim como Capistrano de Abreu, Gustavo Barroso, Casimiro Montenegro Filho, Jos\u00e9 de Alencar, Karim A\u00efnouz, Maur\u00edcio Peixoto e Rachel de Queiroz. \u00c9 a capital brasileira mais pr\u00f3xima da Europa, a 5 608 km de Lisboa, em Portugal.<\/p>\n<h2>Hist\u00f3ria<\/h2>\n<h3>Prim\u00f3rdios<\/h3>\n<p>Antes da deriva continental, a \u00e1rea onde Fortaleza surgiu era cont\u00edgua \u00e0 da cidade de Lagos, no Golfo da Guin\u00e9, na Nig\u00e9ria. O atual litoral das duas cidades surgiu h\u00e1 150 milh\u00f5es de anos, no Jur\u00e1ssico Superior. A evolu\u00e7\u00e3o geol\u00f3gica provocou o surgimento de grandes dunas e tabuleiros no litoral da regi\u00e3o. Estudos indicam que os primeiros seres humanos a habitarem esse territ\u00f3rio podem ter chegado h\u00e1 cerca de 2 000 anos. Aproximadamente at\u00e9 o ano 1 000, a regi\u00e3o era dominada pelos \u00edndios tapuias. Nessa \u00e9poca, tais \u00edndios foram expulsos para o interior do continente pelos \u00edndios tupis procedentes da Amaz\u00f4nia. \u00c9 de origem tupi o povo ind\u00edgena mais caracter\u00edstico do territ\u00f3rio litor\u00e2neo que hoje \u00e9 Fortaleza, o potyguara, retratado pelos romances indianistas de cearenses.<\/p>\n<h3>S\u00e9culo XX<\/h3>\n<p>No s\u00e9culo XX, continuou-se em Fortaleza o crescimento populacional e estrutural vertiginosos. J\u00e1 no final da d\u00e9cada, com a Proclama\u00e7\u00e3o da Rep\u00fablica, a oligarquia de Nogueira Acioly deu in\u00edcio ao seu per\u00edodo de dom\u00ednio do Cear\u00e1, not\u00f3ria pela corrup\u00e7\u00e3o, impunidade dos crimes nos sert\u00f5es e controle de massa. Em 1909, foi criado o Departamento Nacional de Obras Contra as Secas. Em 1911, iniciaram-se as obras do primeiro sistema de esgoto da capital, que come\u00e7ou a funcionar em 1927. J\u00e1 em 1913, deu-se o uso de luz e bondes el\u00e9tricos na cidade. Em 1912, estourou a maior revolta popular de <a href=\"\/\">Fortaleza<\/a>, quando setores populares e opositores movimentaram-se pela retirada do Cl\u00e3 Accioly do poder. As manifesta\u00e7\u00f5es, que aconteciam desde o ano anterior, chegaram ao estopim no dia da Passeata das Crian\u00e7as, em 21 de janeiro. Milhares de pessoas acompanharam centenas de crian\u00e7as serem espancadas e at\u00e9 mesmo mortas pela pol\u00edcia. A popula\u00e7\u00e3o pegou em armas e, ap\u00f3s dias de guerra, Nogueira Accioly renunciou em 24 de janeiro. Assumiu em seu lugar o apoiado pelo povo, Franco Rabelo, que, em 1914, foi deposto pelos revoltos da Sedi\u00e7\u00e3o de Juazeiro.<\/p>\n<p>Em 1936, o povo da capital escolheu seu primeiro representante municipal, Raimundo de Alencar Araripe. Entre 1943 e 1945, a Segunda Guerra Mundial entrou no contexto de Fortaleza, que sediou o Servi\u00e7o Especial de Mobiliza\u00e7\u00e3o de Trabalhadores para a Amaz\u00f4nia e duas bases das For\u00e7as Armadas dos Estados Unidos. Em 1954, foi criada a primeira universidade na <a href=\"\/\">cidade de Fortaleza<\/a>, a Universidade Federal do Cear\u00e1, ent\u00e3o denominada Universidade do Cear\u00e1, e inaugurado o Porto do Mucuripe.<\/p>\n<p>Nas d\u00e9cadas de 1950 e 1960, regi\u00f5es mais distantes do Centro passaram a ser massivamente ocupadas. Bairros como Jacarecanga deram lugar ao Meireles e \u00e0 Aldeota no abrigo \u00e0s elites, ao passo que, com o crescimento urbano desordenado, o desenvolvimento das favelas e a falta de estrutura p\u00fablica para as faixas mais pobres tornavam-se cada vez mais not\u00f3rios. Em 1963, teve-se a constru\u00e7\u00e3o da Avenida Beira Mar. Nesse per\u00edodo, a faixa litor\u00e2nea da cidade come\u00e7ou a se fortalecer enquanto importante espa\u00e7o para a explora\u00e7\u00e3o tur\u00edstica. Bairros como o Praia de Iracema, dotados de grande infraestrutura cultural, tornaram-se redutos da boemia. Ao final dos anos 1970, Fortaleza come\u00e7ou a despontar como um dos maiores polos industriais do Nordeste com a implanta\u00e7\u00e3o do Distrito Industrial de Fortaleza e a movimenta\u00e7\u00e3o na zona portu\u00e1ria do Mucuripe, com suas ind\u00fastrias de pesca, moinhos de trigo, f\u00e1bricas de asfalto e \u00e1reas de refino de petr\u00f3leo. O per\u00edodo do Regime militar no Brasil coincidiu com o de crescimento c\u00e9lere e desordenado da cidade que, em 1973, tornou-se centro de uma metr\u00f3pole. A insatisfa\u00e7\u00e3o popular diante da eclos\u00e3o de problemas sociais decorrentes da multiplica\u00e7\u00e3o populacional resultou, com a volta das elei\u00e7\u00f5es livres e diretas, na elei\u00e7\u00e3o da primeira mulher prefeita de uma capital de estado brasileiro, Maria Luiza Fontenele, tamb\u00e9m a primeira prefeitura comandada por um partido de esquerda no pa\u00eds.<\/p>\n<p>No final do s\u00e9culo XX, as administra\u00e7\u00f5es dos prefeitos Juraci Magalh\u00e3es e Ant\u00f4nio Cambraia, realizaram diversas mudan\u00e7as estruturais na cidade, com a abertura de grandes vias, significativo investimento em sa\u00fade, a constru\u00e7\u00e3o do novo Mercado Central de Fortaleza, a cria\u00e7\u00e3o de novos espa\u00e7os culturais e a Ponte sobre o rio Cear\u00e1, ligando a capital ao munic\u00edpio de Caucaia pela via da Costa do Sol Poente. J\u00e1 no per\u00edodo da chamada Gera\u00e7\u00e3o Cambeba, capitaneada por Tasso Jereissati e Ciro Gomes, fez-se pesado investimento em infraestrutura tur\u00edstica, transformando a cidade de Fortaleza e demais pontos de explora\u00e7\u00e3o do estado em s\u00f3lidos destinos regionais e nacionais do setor.<\/p>\n<p><!-- EBR \/Novo-Bairro\/ Correspondente - pub-64 --><br \/>\n<ins class=\"adsbygoogle\"\n     style=\"display:block\"\n     data-ad-format=\"autorelaxed\"\n     data-ad-client=\"ca-pub-6414922941841817\"\n     data-ad-slot=\"5727871924\"><\/ins><br \/>\n<script>\n     (adsbygoogle = window.adsbygoogle || []).push({});\n<\/script><\/p>\n\n<div style=\"font-size: 0px; height: 0px; line-height: 0px; margin: 0; padding: 0; clear: both;\"><\/div>","protected":false},"excerpt":{"rendered":"<p>Limites \u2013 Cidades Vizinhas Caucaia, Maracana\u00fa, Pacatuba, Itaitinga, Eus\u00e9bio e Aquiraz Dados Principais sobre a Cidade de Fortaleza Anivers\u00e1rio: 13 de abril Funda\u00e7\u00e3o: 1726 Gent\u00edlico: Fortalezense \u00c1rea: 313,140 Km\u00b2 Popula\u00e7\u00e3o: 2 627 482 hab. (2017) IDH: 0,754 \u2013 elevado V\u00eddeo sobre a cidade de Fortaleza Mapa Fortaleza Moradores ilustres de Fortaleza Fortaleza &#8211; CE Hist\u00f3ria da cidade de Fortaleza Fortaleza \u00e9 capital do estado do Cear\u00e1. A cidade desenvolveu-se \u00e0s margens do riacho Paje\u00fa, e sua topon\u00edmia \u00e9 uma alus\u00e3o ao Forte Schoonenborch, o qual deu origem ao munic\u00edpio, constru\u00eddo pelos holandeses durante sua segunda perman\u00eancia no local, entre 1649 <\/p>\n","protected":false},"author":1,"featured_media":0,"parent":0,"menu_order":0,"comment_status":"closed","ping_status":"closed","template":"","meta":{"footnotes":""},"class_list":["post-8","page","type-page","status-publish","hentry"],"aioseo_notices":[],"_links":{"self":[{"href":"https:\/\/www.encontrafortaleza.com\/sobre\/wp-json\/wp\/v2\/pages\/8"}],"collection":[{"href":"https:\/\/www.encontrafortaleza.com\/sobre\/wp-json\/wp\/v2\/pages"}],"about":[{"href":"https:\/\/www.encontrafortaleza.com\/sobre\/wp-json\/wp\/v2\/types\/page"}],"author":[{"embeddable":true,"href":"https:\/\/www.encontrafortaleza.com\/sobre\/wp-json\/wp\/v2\/users\/1"}],"replies":[{"embeddable":true,"href":"https:\/\/www.encontrafortaleza.com\/sobre\/wp-json\/wp\/v2\/comments?post=8"}],"version-history":[{"count":0,"href":"https:\/\/www.encontrafortaleza.com\/sobre\/wp-json\/wp\/v2\/pages\/8\/revisions"}],"wp:attachment":[{"href":"https:\/\/www.encontrafortaleza.com\/sobre\/wp-json\/wp\/v2\/media?parent=8"}],"curies":[{"name":"wp","href":"https:\/\/api.w.org\/{rel}","templated":true}]}}