{"id":90,"date":"2018-03-28T15:11:32","date_gmt":"2018-03-28T18:11:32","guid":{"rendered":"http:\/\/www.encontrafortaleza.com\/sobre\/?page_id=90"},"modified":"2018-03-28T15:15:53","modified_gmt":"2018-03-28T18:15:53","slug":"shopping-parangaba-fortaleza","status":"publish","type":"page","link":"https:\/\/www.encontrafortaleza.com\/sobre\/shopping-parangaba-fortaleza\/","title":{"rendered":"Shopping Parangaba Fortaleza"},"content":{"rendered":"<div class=\"2ad529334b11458fd7d9bde3e187e581\" data-index=\"1\" style=\"float: left; margin: 5px 5px 5px 0;\">\n<!-- EBR \/Novo-Bairro-Topo\/ 300x250 -->\r\n<ins class=\"adsbygoogle\"\r\n     style=\"display:inline-block;width:300px;height:250px\"\r\n     data-ad-client=\"ca-pub-6414922941841817\"\r\n     data-ad-slot=\"5351822287\"><\/ins>\r\n<script>\r\n(adsbygoogle = window.adsbygoogle || []).push({});\r\n<\/script>\n<\/div>\n<p>\u00danico do Cear\u00e1 com acesso a diferentes modais de transporte p\u00fablico, o Shopping Parangaba \u00e9 interligado ao <em>Terminal de \u00d4nibus<\/em> do bairro e \u00e0s esta\u00e7\u00f5es do <em>Metr\u00f4 e do Ve\u00edculo Leve sobre Trilhos (VLT).<\/em><\/p>\n<p>Beleza e funcionalidade marcam o moderno projeto arquitet\u00f4nico de alto padr\u00e3o do Shopping, que possui assinatura do renomado escrit\u00f3rio <em>Botti Rubin<\/em>, refer\u00eancia nacional na elabora\u00e7\u00e3o de centros comerciais.<\/p>\n<p>Conhe\u00e7a melhor o <strong>Shopping Parangaba Fortaleza<\/strong> abaixo.<\/p>\n<p><img loading=\"lazy\" decoding=\"async\" class=\"alignnone wp-image-91 size-full\" title=\"Shopping Parangaba Fortaleza \" src=\"http:\/\/www.encontrafortaleza.com\/sobre\/wp-content\/uploads\/2018\/03\/shopping-parangaba-fortalez.jpg\" alt=\"Shopping Parangaba Fortaleza \" width=\"680\" height=\"189\" srcset=\"https:\/\/www.encontrafortaleza.com\/sobre\/wp-content\/uploads\/2018\/03\/shopping-parangaba-fortalez.jpg 680w, https:\/\/www.encontrafortaleza.com\/sobre\/wp-content\/uploads\/2018\/03\/shopping-parangaba-fortalez-300x83.jpg 300w\" sizes=\"(max-width: 680px) 100vw, 680px\" \/><\/p>\n<p>Inaugurado em 26 de Novembro de 2013, o Shopping Parangaba possui lojas diversas, al\u00e9m de \u00e2ncoras, pra\u00e7a de alimenta\u00e7\u00e3o completa, com 29 restaurantes e capacidade para 1100 lugares; 1300 vagas de estacionamento; salas de cinema com telas gigantes, al\u00e9m de salas com proje\u00e7\u00e3o em 3D.<\/p>\n<p>Sin\u00f4nimo de comodidade, conforto, seguran\u00e7a e variedade, o <em>Shopping Parangaba<\/em> \u00e9 o espa\u00e7o ideal para compras e divers\u00e3o com toda a fam\u00edlia.<em><br \/>\n<\/em><\/p>\n<h2>Shopping Parangaba Fortaleza Cinema<\/h2>\n<p>O cinema do Shopping Parangaba \u00e9 operado pela <span style=\"text-decoration: underline;\">UCI<\/span> &#8211;\u00a0<em>United Cinemas International<\/em>, uma cadeia de cinemas com sede no Reino Unido instalada em v\u00e1rios pa\u00edses do mundo. Pertence a National Amusements no Brasil e a Odeon &amp; UCI Cinemas Group na Europa.<\/p>\n<p>Possui <em>06 salas de cinema<\/em> com telas gigantes, sendo 03 com proje\u00e7\u00e3o em <em>3D<\/em>, al\u00e9m de\u00a0poltronas confort\u00e1veis, ar condicionado, <em>bomboniere<\/em> e bom atendimento por parte dos funcion\u00e1rios.<\/p>\n<h3>Shopping Parangaba Fortaleza Lojas<\/h3>\n<p>O Shopping Parangaba possui 230 lojas variadas:\u00a0<em>Lojas de cal\u00e7ados femininos, lojas de cal\u00e7ados masculinos, lojas de cal\u00e7ados infantis, roupa feminina, roupa masculina, lojas de roupa infantil, relojoarias, perfumarias, roupas \u00edntimas, lojas de eletr\u00f4nicos, de brinquedos\u00a0<\/em>entre outras.\u00a0<em><br \/>\n<\/em><\/p>\n<h3>Vagas Shopping Parangaba Fortaleza &#8211; Trabalhe Conosco<\/h3>\n<p>Se voc\u00ea tem paix\u00e3o pelo que faz e garra para alcan\u00e7ar seus objetivos, junte-se ao time do <em>Shopping Parangaba Fortaleza<\/em>. Para alcan\u00e7ar seu objetivo de neg\u00f3cios, a empresa procura os melhores talentos e profissionais que queiram crescer continuamente com a empresa. Voc\u00ea se encaixa neste perfil? Acesse o site da empresa e envie o seu curr\u00edculo.<em><br \/>\n<\/em><\/p>\n<h3>Shopping Parangaba Fortaleza Centauro<\/h3>\n<p>A <span style=\"text-decoration: underline;\"><em>Centauro<\/em><\/span>, atuante em <em>artigos e equipamentos para esportes<\/em>, tamb\u00e9m est\u00e1 presente no Shopping Parangaba.<\/p>\n<h3>Hor\u00e1rio de Funcionamento Shopping Parangaba Fortaleza<\/h3>\n<ul>\n<li>Segunda a S\u00e1bado: das 10:00 \u00e0s 22h\/ Domingo: das 11:00 \u00e0s 22h<\/li>\n<\/ul>\n<h3>Endere\u00e7o e Telefone Shopping Parangaba Fortaleza<\/h3>\n<ul>\n<li>Rua Germano Franck, 300 &#8211; Parangaba, Fortaleza &#8211; CE<\/li>\n<li>Telefone: (85) 3308-3590<\/li>\n<\/ul>\n<h4>Outras informa\u00e7\u00f5es e site<\/h4>\n<ul>\n<li>Mais informa\u00e7\u00f5es:\u00a0<a href=\"http:\/\/shoppingparangaba.com.br\/\" target=\"_blank\" rel=\"noopener noreferrer\">shoppingparangaba.com.br<\/a><\/li>\n<\/ul>\n<h4>Mapa de localiza\u00e7\u00e3o<\/h4>\n<a class=\"wp-colorbox-iframe\" href=\"https:\/\/www.google.com\/maps\/embed?pb=!1m14!1m8!1m3!1d15924.636292175495!2d-38.5619229!3d-3.7755456!3m2!1i1024!2i768!4f13.1!3m3!1m2!1s0x00xff810e40eec011a9!2sShopping+Parangaba!5e0!3m2!1spt-BR!2sbr!4v1522259739976\"><img decoding=\"async\" src=\"http:\/\/www.encontrafortaleza.com\/imgs\/maps-post.png\"><\/a>\n\n<div style=\"font-size: 0px; height: 0px; line-height: 0px; margin: 0; padding: 0; clear: both;\"><\/div>","protected":false},"excerpt":{"rendered":"<p>\u00danico do Cear\u00e1 com acesso a diferentes modais de transporte p\u00fablico, o Shopping Parangaba \u00e9 interligado ao Terminal de \u00d4nibus do bairro e \u00e0s esta\u00e7\u00f5es do Metr\u00f4 e do Ve\u00edculo Leve sobre Trilhos (VLT). Beleza e funcionalidade marcam o moderno projeto arquitet\u00f4nico de alto padr\u00e3o do Shopping, que possui assinatura do renomado escrit\u00f3rio Botti Rubin, refer\u00eancia nacional na elabora\u00e7\u00e3o de centros comerciais. Conhe\u00e7a melhor o Shopping Parangaba Fortaleza abaixo. Inaugurado em 26 de Novembro de 2013, o Shopping Parangaba possui lojas diversas, al\u00e9m de \u00e2ncoras, pra\u00e7a de alimenta\u00e7\u00e3o completa, com 29 restaurantes e capacidade para 1100 lugares; 1300 vagas de <\/p>\n","protected":false},"author":1,"featured_media":0,"parent":0,"menu_order":0,"comment_status":"closed","ping_status":"closed","template":"","meta":{"footnotes":""},"class_list":["post-90","page","type-page","status-publish","hentry"],"aioseo_notices":[],"_links":{"self":[{"href":"https:\/\/www.encontrafortaleza.com\/sobre\/wp-json\/wp\/v2\/pages\/90"}],"collection":[{"href":"https:\/\/www.encontrafortaleza.com\/sobre\/wp-json\/wp\/v2\/pages"}],"about":[{"href":"https:\/\/www.encontrafortaleza.com\/sobre\/wp-json\/wp\/v2\/types\/page"}],"author":[{"embeddable":true,"href":"https:\/\/www.encontrafortaleza.com\/sobre\/wp-json\/wp\/v2\/users\/1"}],"replies":[{"embeddable":true,"href":"https:\/\/www.encontrafortaleza.com\/sobre\/wp-json\/wp\/v2\/comments?post=90"}],"version-history":[{"count":0,"href":"https:\/\/www.encontrafortaleza.com\/sobre\/wp-json\/wp\/v2\/pages\/90\/revisions"}],"wp:attachment":[{"href":"https:\/\/www.encontrafortaleza.com\/sobre\/wp-json\/wp\/v2\/media?parent=90"}],"curies":[{"name":"wp","href":"https:\/\/api.w.org\/{rel}","templated":true}]}}